{"id":1534,"date":"2022-07-26T14:22:33","date_gmt":"2022-07-26T12:22:33","guid":{"rendered":"http:\/\/dev.benbenben.fr\/celie2023\/?page_id=1534"},"modified":"2022-10-18T10:33:43","modified_gmt":"2022-10-18T08:33:43","slug":"planning-des-ateliers-collectifs-2022-23","status":"publish","type":"page","link":"https:\/\/dev.benbenben.fr\/celie2023\/planning-des-ateliers-collectifs-2022-23\/","title":{"rendered":"Planning des Ateliers Collectifs 2022-23"},"content":{"rendered":"\n<figure class=\"wp-block-image size-full\"><img loading=\"lazy\" decoding=\"async\" width=\"1920\" height=\"1080\" src=\"http:\/\/dev.benbenben.fr\/celie2023\/wp-content\/uploads\/2022\/07\/planning-ateliers-edited-1.jpg\" alt=\"\" class=\"wp-image-1552\" srcset=\"https:\/\/dev.benbenben.fr\/celie2023\/wp-content\/uploads\/2022\/07\/planning-ateliers-edited-1.jpg 1920w, https:\/\/dev.benbenben.fr\/celie2023\/wp-content\/uploads\/2022\/07\/planning-ateliers-edited-1-300x169.jpg 300w, https:\/\/dev.benbenben.fr\/celie2023\/wp-content\/uploads\/2022\/07\/planning-ateliers-edited-1-1024x576.jpg 1024w, https:\/\/dev.benbenben.fr\/celie2023\/wp-content\/uploads\/2022\/07\/planning-ateliers-edited-1-768x432.jpg 768w, https:\/\/dev.benbenben.fr\/celie2023\/wp-content\/uploads\/2022\/07\/planning-ateliers-edited-1-1536x864.jpg 1536w\" sizes=\"auto, (max-width: 1920px) 100vw, 1920px\" \/><\/figure>\n\n\n\n<h1 class=\"has-text-align-center has-background wp-block-heading\" style=\"background-color:#e9a536\">Cours suspendus pour le moment<\/h1>\n\n\n\n<div style=\"height:25px\" aria-hidden=\"true\" class=\"wp-block-spacer\"><\/div>\n\n\n\n<div class=\"wp-block-columns is-layout-flex wp-container-core-columns-is-layout-9d6595d7 wp-block-columns-is-layout-flex\">\n<div class=\"wp-block-column is-layout-flow wp-block-column-is-layout-flow\">\n<h2 class=\"wp-block-heading\"><strong>M<\/strong>ardi<\/h2>\n\n\n\n<p class=\"has-text-align-left\">20h &#8211; 21h : Respiration et mouvements<\/p>\n<\/div>\n\n\n\n<div class=\"wp-block-column is-layout-flow wp-block-column-is-layout-flow\">\n<h2 class=\"wp-block-heading\"><strong>M<\/strong>ercredi<\/h2>\n\n\n\n<p>8h &#8211; 9h : R\u00e9veil corporel<\/p>\n\n\n\n<p>16h30 &#8211; 17h45 : Femmes enceintes<\/p>\n<\/div>\n\n\n\n<div class=\"wp-block-column is-layout-flow wp-block-column-is-layout-flow\">\n<h2 class=\"wp-block-heading\"><strong>J<\/strong>eudi<\/h2>\n\n\n\n<p>12h30 &#8211; 13h30 : Ma pause sophro<\/p>\n\n\n\n<h2 class=\"wp-block-heading\"><strong>V<\/strong>endredi<\/h2>\n\n\n\n<p>10h45 &#8211; 12h : Femmes enceintes<\/p>\n<\/div>\n<\/div>\n\n\n\n<div class=\"wp-block-media-text alignwide is-stacked-on-mobile is-vertically-aligned-center is-image-fill has-white-background-color has-background\"><figure class=\"wp-block-media-text__media\" style=\"background-image:url(http:\/\/dev.benbenben.fr\/celie2023\/wp-content\/uploads\/2022\/09\/sophrologie-1-1024x1024.jpg);background-position:50% 50%\"><img loading=\"lazy\" decoding=\"async\" width=\"1024\" height=\"1024\" src=\"http:\/\/dev.benbenben.fr\/celie2023\/wp-content\/uploads\/2022\/09\/sophrologie-1-1024x1024.jpg\" alt=\"\" class=\"wp-image-1803 size-full\" srcset=\"https:\/\/dev.benbenben.fr\/celie2023\/wp-content\/uploads\/2022\/09\/sophrologie-1-1024x1024.jpg 1024w, https:\/\/dev.benbenben.fr\/celie2023\/wp-content\/uploads\/2022\/09\/sophrologie-1-300x300.jpg 300w, https:\/\/dev.benbenben.fr\/celie2023\/wp-content\/uploads\/2022\/09\/sophrologie-1-150x150.jpg 150w, https:\/\/dev.benbenben.fr\/celie2023\/wp-content\/uploads\/2022\/09\/sophrologie-1-768x768.jpg 768w, https:\/\/dev.benbenben.fr\/celie2023\/wp-content\/uploads\/2022\/09\/sophrologie-1.jpg 1080w\" sizes=\"auto, (max-width: 1024px) 100vw, 1024px\" \/><\/figure><div class=\"wp-block-media-text__content\">\n<h2 class=\"script wp-block-heading\">Sophrologie<\/h2>\n\n\n\n<p><em>Entra\u00eener le corps et l&rsquo;esprit pour favoriser la d\u00e9tente, au moyen de la respiration, de mouvements doux et de visualisation d&rsquo;images positives.<\/em><\/p>\n\n\n\n<p><strong>S\u00e9ance individuelles<\/strong><br>Mercredi, Jeudi, Vendredi<br>Cabinet de soin, 18 square de la Rance, Rennes<br>*Possible femmes enceintes<\/p>\n\n\n\n<p><strong>Atelier Collectif <\/strong><br>Jeudi : 12h30 &#8211; 13h30<br>P\u00e9niche La Nouvelle Lune, 4 quai d&rsquo;Ille-et-Rance, Rennes<\/p>\n\n\n\n<div style=\"height:50px\" aria-hidden=\"true\" class=\"wp-block-spacer\"><\/div>\n<\/div><\/div>\n\n\n\n<div style=\"height:50px\" aria-hidden=\"true\" class=\"wp-block-spacer\"><\/div>\n\n\n\n<div class=\"wp-block-media-text alignwide has-media-on-the-right is-stacked-on-mobile is-vertically-aligned-center is-image-fill has-white-background-color has-background\"><figure class=\"wp-block-media-text__media\" style=\"background-image:url(http:\/\/dev.benbenben.fr\/celie2023\/wp-content\/uploads\/2022\/09\/reveil-corporel1.jpg);background-position:50% 50%\"><img loading=\"lazy\" decoding=\"async\" width=\"800\" height=\"800\" src=\"http:\/\/dev.benbenben.fr\/celie2023\/wp-content\/uploads\/2022\/09\/reveil-corporel1.jpg\" alt=\"\" class=\"wp-image-1805 size-full\" srcset=\"https:\/\/dev.benbenben.fr\/celie2023\/wp-content\/uploads\/2022\/09\/reveil-corporel1.jpg 800w, https:\/\/dev.benbenben.fr\/celie2023\/wp-content\/uploads\/2022\/09\/reveil-corporel1-300x300.jpg 300w, https:\/\/dev.benbenben.fr\/celie2023\/wp-content\/uploads\/2022\/09\/reveil-corporel1-150x150.jpg 150w, https:\/\/dev.benbenben.fr\/celie2023\/wp-content\/uploads\/2022\/09\/reveil-corporel1-768x768.jpg 768w\" sizes=\"auto, (max-width: 800px) 100vw, 800px\" \/><\/figure><div class=\"wp-block-media-text__content\">\n<h2 class=\"script wp-block-heading\">Reveil corporel<\/h2>\n\n\n\n<p><em>Un temps en douceur, parfois en musique pour&nbsp;\u00e9veiller le corps et l&rsquo;esprit en conscience au moyen&nbsp;d\u2019\u00e9tirements, de b\u00e2illements, de la respiration.<\/em><\/p>\n\n\n\n<p><strong>Atelier Collectif <\/strong><br>Mercredi : 08h00 &#8211; 09h00<br>P\u00e9niche La Nouvelle Lune, 4 quai d&rsquo;Ille-et-Rance, Rennes<\/p>\n\n\n\n<div style=\"height:50px\" aria-hidden=\"true\" class=\"wp-block-spacer\"><\/div>\n<\/div><\/div>\n\n\n\n<div style=\"height:50px\" aria-hidden=\"true\" class=\"wp-block-spacer\"><\/div>\n\n\n\n<div class=\"wp-block-media-text alignwide is-stacked-on-mobile is-vertically-aligned-center is-image-fill has-white-background-color has-background\"><figure class=\"wp-block-media-text__media\" style=\"background-image:url(http:\/\/dev.benbenben.fr\/celie2023\/wp-content\/uploads\/2022\/09\/respitation-et-mouvements-2-1024x1024.jpg);background-position:50% 50%\"><img loading=\"lazy\" decoding=\"async\" width=\"1024\" height=\"1024\" src=\"http:\/\/dev.benbenben.fr\/celie2023\/wp-content\/uploads\/2022\/09\/respitation-et-mouvements-2-1024x1024.jpg\" alt=\"\" class=\"wp-image-1806 size-full\" srcset=\"https:\/\/dev.benbenben.fr\/celie2023\/wp-content\/uploads\/2022\/09\/respitation-et-mouvements-2-1024x1024.jpg 1024w, https:\/\/dev.benbenben.fr\/celie2023\/wp-content\/uploads\/2022\/09\/respitation-et-mouvements-2-300x300.jpg 300w, https:\/\/dev.benbenben.fr\/celie2023\/wp-content\/uploads\/2022\/09\/respitation-et-mouvements-2-150x150.jpg 150w, https:\/\/dev.benbenben.fr\/celie2023\/wp-content\/uploads\/2022\/09\/respitation-et-mouvements-2-768x768.jpg 768w, https:\/\/dev.benbenben.fr\/celie2023\/wp-content\/uploads\/2022\/09\/respitation-et-mouvements-2.jpg 1080w\" sizes=\"auto, (max-width: 1024px) 100vw, 1024px\" \/><\/figure><div class=\"wp-block-media-text__content\">\n<h2 class=\"script wp-block-heading\">Respiration et mouvements<\/h2>\n\n\n\n<p><em>Se recentrer sur sa respiration au moyen de divers outils et mouvements qui amplifient et font prendre conscience de cet air qui nous traverse.<\/em><\/p>\n\n\n\n<p><strong>Atelier Collectif <\/strong><br>Mardi : 20h00 &#8211; 21h00<br>P\u00e9niche La Nouvelle Lune, 4 quai d&rsquo;Ille-et-Rance, Rennes<\/p>\n\n\n\n<div style=\"height:50px\" aria-hidden=\"true\" class=\"wp-block-spacer\"><\/div>\n<\/div><\/div>\n\n\n\n<div style=\"height:50px\" aria-hidden=\"true\" class=\"wp-block-spacer\"><\/div>\n\n\n\n<h2 class=\"wp-block-heading\">*<strong>ATELIERS FEMMES ENCEINTES<\/strong><\/h2>\n\n\n\n<p>Au cabinet, 18 Square de la rance<br><em>5 personnes max, r\u00e9servable sur Doctolib<\/em><\/p>\n\n\n\n<p><strong>Tarif :<\/strong> 15\u20ac l\u2019atelier, 60\u20ac les 5 ateliers<\/p>\n\n\n\n<div style=\"height:25px\" aria-hidden=\"true\" class=\"wp-block-spacer\"><\/div>\n\n\n\n<h2 class=\"wp-block-heading\">AUTRES ATELIERS<\/h2>\n\n\n\n<p>\u00c0 bord de la p\u00e9niche la nouvelle lune, 4 quai d\u2019Ille et Rance<br><em>12 personnes max, inscription aupr\u00e8s de celie : <a href=\"mailto:celiecelieauge@gmail.com\">celiecelieauge@gmail.com<\/a><\/em><\/p>\n\n\n\n<p><strong>Tarifs<\/strong><\/p>\n\n\n\n<ul class=\"wp-block-list\"><li>10\u20ac le cours d\u2019essai<\/li><li>18\u20ac le cours<\/li><li>10 cours &#8211; 150\u20ac<\/li><li>20 cours &#8211; 260\u20ac<\/li><li>30 cours &#8211; 360\u20ac<\/li><\/ul>\n\n\n\n<p>* r\u00e8glement par ch\u00e8que, CB, esp\u00e8ces (Les frais engages ne sont pas remboursables)<\/p>\n\n\n\n<p><strong>Pas de cours (formations, vacances)<\/strong><br>Octobre : 12, 13, 25, 26, 27 \u2022 Novembre : 1, 2, 3 \u2022 D\u00e9cembre : 6, 7, 8, 20 &gt; 29 \u2022 Janvier : 19 \u2022 F\u00e9vrier : 21, 22, 23 \u2022 Mars : 2, 14, 15, 16 \u2022 Avril : 18, 19, 20 \u2022 Mai : 18 \u2022 Juin : 27, 28, 29 \u2022 Juillet : \u00f8<\/p>\n","protected":false},"excerpt":{"rendered":"<p>Cours suspendus pour le moment Mardi 20h &#8211; 21h : Respiration et mouvements Mercredi 8h &#8211; 9h : R\u00e9veil corporel 16h30 &#8211; 17h45 : Femmes enceintes Jeudi 12h30 &#8211; 13h30 : Ma pause sophro Vendredi 10h45 &#8211; 12h : Femmes enceintes *ATELIERS FEMMES ENCEINTES Au cabinet, 18 Square de la rance5 personnes max, r\u00e9servable sur [&hellip;]<\/p>\n","protected":false},"author":1,"featured_media":0,"parent":0,"menu_order":0,"comment_status":"closed","ping_status":"closed","template":"","meta":{"ub_ctt_via":"","footnotes":""},"class_list":["post-1534","page","type-page","status-publish","hentry"],"acf":[],"featured_image_src":null,"_links":{"self":[{"href":"https:\/\/dev.benbenben.fr\/celie2023\/wp-json\/wp\/v2\/pages\/1534","targetHints":{"allow":["GET"]}}],"collection":[{"href":"https:\/\/dev.benbenben.fr\/celie2023\/wp-json\/wp\/v2\/pages"}],"about":[{"href":"https:\/\/dev.benbenben.fr\/celie2023\/wp-json\/wp\/v2\/types\/page"}],"author":[{"embeddable":true,"href":"https:\/\/dev.benbenben.fr\/celie2023\/wp-json\/wp\/v2\/users\/1"}],"replies":[{"embeddable":true,"href":"https:\/\/dev.benbenben.fr\/celie2023\/wp-json\/wp\/v2\/comments?post=1534"}],"version-history":[{"count":51,"href":"https:\/\/dev.benbenben.fr\/celie2023\/wp-json\/wp\/v2\/pages\/1534\/revisions"}],"predecessor-version":[{"id":1898,"href":"https:\/\/dev.benbenben.fr\/celie2023\/wp-json\/wp\/v2\/pages\/1534\/revisions\/1898"}],"wp:attachment":[{"href":"https:\/\/dev.benbenben.fr\/celie2023\/wp-json\/wp\/v2\/media?parent=1534"}],"curies":[{"name":"wp","href":"https:\/\/api.w.org\/{rel}","templated":true}]}}

<figure class="wp-block-image size-full"><img loading="lazy" decoding="async" width="1920" height="1080" src="http://dev.benbenben.fr/celie2023/wp-content/uploads/2022/07/planning-ateliers-edited-1.jpg" alt="" class="wp-image-1552" srcset="https://dev.benbenben.fr/celie2023/wp-content/uploads/2022/07/planning-ateliers-edited-1.jpg 1920w, https://dev.benbenben.fr/celie2023/wp-content/uploads/2022/07/planning-ateliers-edited-1-300x169.jpg 300w, https://dev.benbenben.fr/celie2023/wp-content/uploads/2022/07/planning-ateliers-edited-1-1024x576.jpg 1024w, https://dev.benbenben.fr/celie2023/wp-content/uploads/2022/07/planning-ateliers-edited-1-768x432.jpg 768w, https://dev.benbenben.fr/celie2023/wp-content/uploads/2022/07/planning-ateliers-edited-1-1536x864.jpg 1536w" sizes="auto, (max-width: 1920px) 100vw, 1920px" /></figure>



<h1 class="has-text-align-center has-background wp-block-heading" style="background-color:#e9a536">Cours suspendus pour le moment</h1>



<div style="height:25px" aria-hidden="true" class="wp-block-spacer"></div>



<div class="wp-block-columns is-layout-flex wp-container-core-columns-is-layout-9d6595d7 wp-block-columns-is-layout-flex">
<div class="wp-block-column is-layout-flow wp-block-column-is-layout-flow">
<h2 class="wp-block-heading"><strong>M</strong>ardi</h2>



<p class="has-text-align-left">20h &#8211; 21h : Respiration et mouvements</p>
</div>



<div class="wp-block-column is-layout-flow wp-block-column-is-layout-flow">
<h2 class="wp-block-heading"><strong>M</strong>ercredi</h2>



<p>8h &#8211; 9h : Réveil corporel</p>



<p>16h30 &#8211; 17h45 : Femmes enceintes</p>
</div>



<div class="wp-block-column is-layout-flow wp-block-column-is-layout-flow">
<h2 class="wp-block-heading"><strong>J</strong>eudi</h2>



<p>12h30 &#8211; 13h30 : Ma pause sophro</p>



<h2 class="wp-block-heading"><strong>V</strong>endredi</h2>



<p>10h45 &#8211; 12h : Femmes enceintes</p>
</div>
</div>



<div class="wp-block-media-text alignwide is-stacked-on-mobile is-vertically-aligned-center is-image-fill has-white-background-color has-background"><figure class="wp-block-media-text__media" style="background-image:url(http://dev.benbenben.fr/celie2023/wp-content/uploads/2022/09/sophrologie-1-1024x1024.jpg);background-position:50% 50%"><img loading="lazy" decoding="async" width="1024" height="1024" src="http://dev.benbenben.fr/celie2023/wp-content/uploads/2022/09/sophrologie-1-1024x1024.jpg" alt="" class="wp-image-1803 size-full" srcset="https://dev.benbenben.fr/celie2023/wp-content/uploads/2022/09/sophrologie-1-1024x1024.jpg 1024w, https://dev.benbenben.fr/celie2023/wp-content/uploads/2022/09/sophrologie-1-300x300.jpg 300w, https://dev.benbenben.fr/celie2023/wp-content/uploads/2022/09/sophrologie-1-150x150.jpg 150w, https://dev.benbenben.fr/celie2023/wp-content/uploads/2022/09/sophrologie-1-768x768.jpg 768w, https://dev.benbenben.fr/celie2023/wp-content/uploads/2022/09/sophrologie-1.jpg 1080w" sizes="auto, (max-width: 1024px) 100vw, 1024px" /></figure><div class="wp-block-media-text__content">
<h2 class="script wp-block-heading">Sophrologie</h2>



<p><em>Entraîner le corps et l&rsquo;esprit pour favoriser la détente, au moyen de la respiration, de mouvements doux et de visualisation d&rsquo;images positives.</em></p>



<p><strong>Séance individuelles</strong><br>Mercredi, Jeudi, Vendredi<br>Cabinet de soin, 18 square de la Rance, Rennes<br>*Possible femmes enceintes</p>



<p><strong>Atelier Collectif </strong><br>Jeudi : 12h30 &#8211; 13h30<br>Péniche La Nouvelle Lune, 4 quai d&rsquo;Ille-et-Rance, Rennes</p>



<div style="height:50px" aria-hidden="true" class="wp-block-spacer"></div>
</div></div>



<div style="height:50px" aria-hidden="true" class="wp-block-spacer"></div>



<div class="wp-block-media-text alignwide has-media-on-the-right is-stacked-on-mobile is-vertically-aligned-center is-image-fill has-white-background-color has-background"><figure class="wp-block-media-text__media" style="background-image:url(http://dev.benbenben.fr/celie2023/wp-content/uploads/2022/09/reveil-corporel1.jpg);background-position:50% 50%"><img loading="lazy" decoding="async" width="800" height="800" src="http://dev.benbenben.fr/celie2023/wp-content/uploads/2022/09/reveil-corporel1.jpg" alt="" class="wp-image-1805 size-full" srcset="https://dev.benbenben.fr/celie2023/wp-content/uploads/2022/09/reveil-corporel1.jpg 800w, https://dev.benbenben.fr/celie2023/wp-content/uploads/2022/09/reveil-corporel1-300x300.jpg 300w, https://dev.benbenben.fr/celie2023/wp-content/uploads/2022/09/reveil-corporel1-150x150.jpg 150w, https://dev.benbenben.fr/celie2023/wp-content/uploads/2022/09/reveil-corporel1-768x768.jpg 768w" sizes="auto, (max-width: 800px) 100vw, 800px" /></figure><div class="wp-block-media-text__content">
<h2 class="script wp-block-heading">Reveil corporel</h2>



<p><em>Un temps en douceur, parfois en musique pour&nbsp;éveiller le corps et l&rsquo;esprit en conscience au moyen&nbsp;d’étirements, de bâillements, de la respiration.</em></p>



<p><strong>Atelier Collectif </strong><br>Mercredi : 08h00 &#8211; 09h00<br>Péniche La Nouvelle Lune, 4 quai d&rsquo;Ille-et-Rance, Rennes</p>



<div style="height:50px" aria-hidden="true" class="wp-block-spacer"></div>
</div></div>



<div style="height:50px" aria-hidden="true" class="wp-block-spacer"></div>



<div class="wp-block-media-text alignwide is-stacked-on-mobile is-vertically-aligned-center is-image-fill has-white-background-color has-background"><figure class="wp-block-media-text__media" style="background-image:url(http://dev.benbenben.fr/celie2023/wp-content/uploads/2022/09/respitation-et-mouvements-2-1024x1024.jpg);background-position:50% 50%"><img loading="lazy" decoding="async" width="1024" height="1024" src="http://dev.benbenben.fr/celie2023/wp-content/uploads/2022/09/respitation-et-mouvements-2-1024x1024.jpg" alt="" class="wp-image-1806 size-full" srcset="https://dev.benbenben.fr/celie2023/wp-content/uploads/2022/09/respitation-et-mouvements-2-1024x1024.jpg 1024w, https://dev.benbenben.fr/celie2023/wp-content/uploads/2022/09/respitation-et-mouvements-2-300x300.jpg 300w, https://dev.benbenben.fr/celie2023/wp-content/uploads/2022/09/respitation-et-mouvements-2-150x150.jpg 150w, https://dev.benbenben.fr/celie2023/wp-content/uploads/2022/09/respitation-et-mouvements-2-768x768.jpg 768w, https://dev.benbenben.fr/celie2023/wp-content/uploads/2022/09/respitation-et-mouvements-2.jpg 1080w" sizes="auto, (max-width: 1024px) 100vw, 1024px" /></figure><div class="wp-block-media-text__content">
<h2 class="script wp-block-heading">Respiration et mouvements</h2>



<p><em>Se recentrer sur sa respiration au moyen de divers outils et mouvements qui amplifient et font prendre conscience de cet air qui nous traverse.</em></p>



<p><strong>Atelier Collectif </strong><br>Mardi : 20h00 &#8211; 21h00<br>Péniche La Nouvelle Lune, 4 quai d&rsquo;Ille-et-Rance, Rennes</p>



<div style="height:50px" aria-hidden="true" class="wp-block-spacer"></div>
</div></div>



<div style="height:50px" aria-hidden="true" class="wp-block-spacer"></div>



<h2 class="wp-block-heading">*<strong>ATELIERS FEMMES ENCEINTES</strong></h2>



<p>Au cabinet, 18 Square de la rance<br><em>5 personnes max, réservable sur Doctolib</em></p>



<p><strong>Tarif :</strong> 15€ l’atelier, 60€ les 5 ateliers</p>



<div style="height:25px" aria-hidden="true" class="wp-block-spacer"></div>



<h2 class="wp-block-heading">AUTRES ATELIERS</h2>



<p>À bord de la péniche la nouvelle lune, 4 quai d’Ille et Rance<br><em>12 personnes max, inscription auprès de celie : <a href="mailto:celiecelieauge@gmail.com">celiecelieauge@gmail.com</a></em></p>



<p><strong>Tarifs</strong></p>



<ul class="wp-block-list"><li>10€ le cours d’essai</li><li>18€ le cours</li><li>10 cours &#8211; 150€</li><li>20 cours &#8211; 260€</li><li>30 cours &#8211; 360€</li></ul>



<p>* règlement par chèque, CB, espèces (Les frais engages ne sont pas remboursables)</p>



<p><strong>Pas de cours (formations, vacances)</strong><br>Octobre : 12, 13, 25, 26, 27 • Novembre : 1, 2, 3 • Décembre : 6, 7, 8, 20 &gt; 29 • Janvier : 19 • Février : 21, 22, 23 • Mars : 2, 14, 15, 16 • Avril : 18, 19, 20 • Mai : 18 • Juin : 27, 28, 29 • Juillet : ø</p>

<p>Cours suspendus pour le moment Mardi 20h &#8211; 21h : Respiration et mouvements Mercredi 8h &#8211; 9h : Réveil corporel 16h30 &#8211; 17h45 : Femmes enceintes Jeudi 12h30 &#8211; 13h30 : Ma pause sophro Vendredi 10h45 &#8211; 12h : Femmes enceintes *ATELIERS FEMMES ENCEINTES Au cabinet, 18 Square de la rance5 personnes max, réservable sur [&hellip;]</p>
