{"id":16,"date":"2021-04-22T10:21:46","date_gmt":"2021-04-22T08:21:46","guid":{"rendered":"http:\/\/dev.benbenben.fr\/celie2023\/?page_id=16"},"modified":"2021-11-12T10:24:49","modified_gmt":"2021-11-12T09:24:49","slug":"conscience-corporelle-et-mouvements","status":"publish","type":"page","link":"https:\/\/dev.benbenben.fr\/celie2023\/conscience-corporelle-et-mouvements\/","title":{"rendered":"De l\u2019\u00eatre ensemble<br\/>Conscience corporelle et mouvements"},"content":{"rendered":"\n<p>Le travail propos\u00e9 ici est le fruit de nombreux croisements.<\/p>\n\n\n\n<p>Le croisement de route avec 3 grandes personnes aupr\u00e8s de qui je me suis form\u00e9e en conscience corporelle et mouvements, avec qui j\u2019ai pu avoir de longs \u00e9changes. Il s\u2019agit de Anne Lise Galland, de Jean Masse et de Jacques Garos. Leur travail trouve leur origine dans la m\u00e9thode Peerboom, appel\u00e9 aussi Travail corporel, \u00ab&nbsp;qui prend en compte toutes les dimensions de l\u2019\u00eatre humain&nbsp;: corporelle, affective, \u00e9motionnelle, intellectuelle, psychique et spirituelle&nbsp;\u00bb [1] afin d\u2019explorer un chemin int\u00e9rieur gr\u00e2ce \u00e0 l\u2019accompagnement.<\/p>\n\n\n\n<p>C\u2019est aussi le croisement avec des artistes depuis plusieurs ann\u00e9es, qui ont accept\u00e9 de me transmettre, de partager en toute simplicit\u00e9 des outils pr\u00e9cieux de leur approches artistiques et corporelles, de leur travail aupr\u00e8s d\u2019amateurs qui s\u2019impliquent dans leurs cr\u00e9ations.<\/p>\n\n\n\n<p>C\u2019est enfin le croisement et les rencontres de tous les jours avec des \u00eatres humains passionn\u00e9s par le mouvement, l\u2019organique, le corps, le souffle, la respiration, l\u2019esprit. Que ce soit dans des d\u00e9marches et exp\u00e9riences personnelles comme professionnelles, qu\u2019il s\u2019agisse de mes propres exp\u00e9riences et travers\u00e9es.<\/p>\n\n\n\n<p>Il est si d\u00e9licat de pr\u00e9senter une pratique lorsque les mots ne suffisent pas et ne semblent jamais assez juste pour la qualifier. Les limites de notre langage verbal sont parfois atteintes lorsque les fronti\u00e8res du langage corporel continueront, ind\u00e9finiment de d\u00e9ployer leurs richesses et leurs possibles et parfois leurs surprises. Je ne saurais que remercier chaque jour ces rencontres uniques.<\/p>\n\n\n\n<p>[1] ANNELISE PEERBOOM-GALLAND, <em>Le travail corporel Peerboom, Un chemin vers l\u2019unit\u00e9 de l\u2019\u00eatre<\/em>, 2016.<\/p>\n\n\n\n<div style=\"height:20px\" aria-hidden=\"true\" class=\"wp-block-spacer\"><\/div>\n\n\n\n<div class=\"wp-block-image\"><figure class=\"aligncenter size-full\"><img loading=\"lazy\" decoding=\"async\" width=\"100\" height=\"46\" src=\"http:\/\/dev.benbenben.fr\/celie2023\/wp-content\/uploads\/2021\/04\/feuille-small.png\" alt=\"\" class=\"wp-image-120\"\/><\/figure><\/div>\n\n\n\n<div style=\"height:20px\" aria-hidden=\"true\" class=\"wp-block-spacer\"><\/div>\n\n\n\n<p>Ce travail est donc une invitation \u00e0 se laisser porter, au travers de tout ce qui se ressent en dedans comme au dehors, d\u2019explorer les limites de l\u2019intime comme du collectif. Une invitation \u00e0 se laisser glisser vers l\u2019organique, vers ses racines ancestrales et animales pour toucher de pr\u00e8s \u00e0 l\u2019intuition du juste et du sensible.&nbsp;&nbsp;&nbsp;&nbsp;&nbsp;&nbsp;&nbsp;&nbsp;&nbsp;&nbsp;&nbsp;&nbsp;&nbsp;<br>C\u2019est un enchev\u00eatrement de petites mais profondes exp\u00e9riences, une suite logique d\u2019\u00e9volution qui permet de s\u2019autoriser \u00e0 \u00eatre et \u00e0 grandir.&nbsp;&nbsp;&nbsp;&nbsp;<br><br>Sont propos\u00e9s ici&nbsp;: des temps en mouvements, dans l\u2019immobilit\u00e9 ou la lenteur du geste. Des temps de profondes respirations, de visualisation, d\u2019\u00e9coute active. Des temps en musique et en silence, en voix, en \u00e9criture, en toucher. Des temps en duo, en solo, en groupe.<\/p>\n\n\n\n<p>Plusieurs formats possibles&nbsp;: 2h, une demi-journ\u00e9e, une journ\u00e9e, un week-end, une semaine\u2026 <\/p>\n\n\n\n<div class=\"wp-block-columns is-layout-flex wp-container-core-columns-is-layout-9d6595d7 wp-block-columns-is-layout-flex\">\n<div class=\"wp-block-column is-layout-flow wp-block-column-is-layout-flow\">\n<p><strong>Ce que cette pratique peut apporter :<\/strong><\/p>\n\n\n\n<ul class=\"wp-block-list\"><li>Se reconnecter en profondeur<\/li><li>L\u00e2cher prise<\/li><li>\u00c9couter son corps<\/li><li>Renforcer la confiance et l\u2019estime de soi<\/li><li>Se lib\u00e9rer des tensions mentales, physiques et \u00e9motionnelles<\/li><li>S\u2019autoriser \u00e0 \u00eatre traverser par ses \u00e9motions<\/li><li>Se sentir align\u00e9, accord\u00e9<\/li><\/ul>\n<\/div>\n\n\n\n<div class=\"wp-block-column is-layout-flow wp-block-column-is-layout-flow\">\n<p><strong>Dans tous les milieux :<\/strong><\/p>\n\n\n\n<ul class=\"wp-block-list\"><li>Culturel, social et associatif<\/li><li>Artistique<\/li><li>Entreprise<\/li><li>Insertion professionnelle<\/li><li>Sportif<\/li><li>M\u00e9dical, param\u00e9dical<\/li><li>Carc\u00e9ral<\/li><li>Et encore bien d\u2019autres&nbsp;<\/li><\/ul>\n<\/div>\n<\/div>\n\n\n\n<p><strong>En atelier collectif \/\/<\/strong> Ce travail est propos\u00e9 en atelier collectif afin de partager dans l\u2019intimit\u00e9 et la plus grande bienveillance un temps o\u00f9 le groupe nourrit l\u2019individuel et vice versa. Pour vous autoriser \u00e0 aller parfois plus loin et apporter une r\u00e9ponse globale \u00e0 une demande de mieux-\u00eatre. Un temps de partage tr\u00e8s riche qui anime vos propres r\u00e9flexions personnelles.&nbsp;<\/p>\n\n\n\n<p><em>N.B. : la pratique de la sophrologie est une m\u00e9thode compl\u00e9mentaire et ne se substitue \u00e0 aucun traitement m\u00e9dical ou th\u00e9rapeutique.&nbsp;<\/em><\/p>\n\n\n\n<p><br><\/p>\n","protected":false},"excerpt":{"rendered":"<p>Le travail propos\u00e9 ici est le fruit de nombreux croisements. Le croisement de route avec 3 grandes personnes aupr\u00e8s de qui je me suis form\u00e9e en conscience corporelle et mouvements, avec qui j\u2019ai pu avoir de longs \u00e9changes. Il s\u2019agit de Anne Lise Galland, de Jean Masse et de Jacques Garos. Leur travail trouve leur [&hellip;]<\/p>\n","protected":false},"author":1,"featured_media":254,"parent":0,"menu_order":0,"comment_status":"closed","ping_status":"closed","template":"","meta":{"ub_ctt_via":"","footnotes":""},"class_list":["post-16","page","type-page","status-publish","has-post-thumbnail","hentry"],"acf":[],"featured_image_src":"https:\/\/dev.benbenben.fr\/celie2023\/wp-content\/uploads\/2021\/05\/image-conscience.jpeg","_links":{"self":[{"href":"https:\/\/dev.benbenben.fr\/celie2023\/wp-json\/wp\/v2\/pages\/16","targetHints":{"allow":["GET"]}}],"collection":[{"href":"https:\/\/dev.benbenben.fr\/celie2023\/wp-json\/wp\/v2\/pages"}],"about":[{"href":"https:\/\/dev.benbenben.fr\/celie2023\/wp-json\/wp\/v2\/types\/page"}],"author":[{"embeddable":true,"href":"https:\/\/dev.benbenben.fr\/celie2023\/wp-json\/wp\/v2\/users\/1"}],"replies":[{"embeddable":true,"href":"https:\/\/dev.benbenben.fr\/celie2023\/wp-json\/wp\/v2\/comments?post=16"}],"version-history":[{"count":20,"href":"https:\/\/dev.benbenben.fr\/celie2023\/wp-json\/wp\/v2\/pages\/16\/revisions"}],"predecessor-version":[{"id":500,"href":"https:\/\/dev.benbenben.fr\/celie2023\/wp-json\/wp\/v2\/pages\/16\/revisions\/500"}],"wp:featuredmedia":[{"embeddable":true,"href":"https:\/\/dev.benbenben.fr\/celie2023\/wp-json\/wp\/v2\/media\/254"}],"wp:attachment":[{"href":"https:\/\/dev.benbenben.fr\/celie2023\/wp-json\/wp\/v2\/media?parent=16"}],"curies":[{"name":"wp","href":"https:\/\/api.w.org\/{rel}","templated":true}]}}

De l’être ensemble<br/>Conscience corporelle et mouvements

<p>Le travail proposé ici est le fruit de nombreux croisements.</p>



<p>Le croisement de route avec 3 grandes personnes auprès de qui je me suis formée en conscience corporelle et mouvements, avec qui j’ai pu avoir de longs échanges. Il s’agit de Anne Lise Galland, de Jean Masse et de Jacques Garos. Leur travail trouve leur origine dans la méthode Peerboom, appelé aussi Travail corporel, «&nbsp;qui prend en compte toutes les dimensions de l’être humain&nbsp;: corporelle, affective, émotionnelle, intellectuelle, psychique et spirituelle&nbsp;» [1] afin d’explorer un chemin intérieur grâce à l’accompagnement.</p>



<p>C’est aussi le croisement avec des artistes depuis plusieurs années, qui ont accepté de me transmettre, de partager en toute simplicité des outils précieux de leur approches artistiques et corporelles, de leur travail auprès d’amateurs qui s’impliquent dans leurs créations.</p>



<p>C’est enfin le croisement et les rencontres de tous les jours avec des êtres humains passionnés par le mouvement, l’organique, le corps, le souffle, la respiration, l’esprit. Que ce soit dans des démarches et expériences personnelles comme professionnelles, qu’il s’agisse de mes propres expériences et traversées.</p>



<p>Il est si délicat de présenter une pratique lorsque les mots ne suffisent pas et ne semblent jamais assez juste pour la qualifier. Les limites de notre langage verbal sont parfois atteintes lorsque les frontières du langage corporel continueront, indéfiniment de déployer leurs richesses et leurs possibles et parfois leurs surprises. Je ne saurais que remercier chaque jour ces rencontres uniques.</p>



<p>[1] ANNELISE PEERBOOM-GALLAND, <em>Le travail corporel Peerboom, Un chemin vers l’unité de l’être</em>, 2016.</p>



<div style="height:20px" aria-hidden="true" class="wp-block-spacer"></div>



<div class="wp-block-image"><figure class="aligncenter size-full"><img loading="lazy" decoding="async" width="100" height="46" src="http://dev.benbenben.fr/celie2023/wp-content/uploads/2021/04/feuille-small.png" alt="" class="wp-image-120"/></figure></div>



<div style="height:20px" aria-hidden="true" class="wp-block-spacer"></div>



<p>Ce travail est donc une invitation à se laisser porter, au travers de tout ce qui se ressent en dedans comme au dehors, d’explorer les limites de l’intime comme du collectif. Une invitation à se laisser glisser vers l’organique, vers ses racines ancestrales et animales pour toucher de près à l’intuition du juste et du sensible.&nbsp;&nbsp;&nbsp;&nbsp;&nbsp;&nbsp;&nbsp;&nbsp;&nbsp;&nbsp;&nbsp;&nbsp;&nbsp;<br>C’est un enchevêtrement de petites mais profondes expériences, une suite logique d’évolution qui permet de s’autoriser à être et à grandir.&nbsp;&nbsp;&nbsp;&nbsp;<br><br>Sont proposés ici&nbsp;: des temps en mouvements, dans l’immobilité ou la lenteur du geste. Des temps de profondes respirations, de visualisation, d’écoute active. Des temps en musique et en silence, en voix, en écriture, en toucher. Des temps en duo, en solo, en groupe.</p>



<p>Plusieurs formats possibles&nbsp;: 2h, une demi-journée, une journée, un week-end, une semaine… </p>



<div class="wp-block-columns is-layout-flex wp-container-core-columns-is-layout-9d6595d7 wp-block-columns-is-layout-flex">
<div class="wp-block-column is-layout-flow wp-block-column-is-layout-flow">
<p><strong>Ce que cette pratique peut apporter :</strong></p>



<ul class="wp-block-list"><li>Se reconnecter en profondeur</li><li>Lâcher prise</li><li>Écouter son corps</li><li>Renforcer la confiance et l’estime de soi</li><li>Se libérer des tensions mentales, physiques et émotionnelles</li><li>S’autoriser à être traverser par ses émotions</li><li>Se sentir aligné, accordé</li></ul>
</div>



<div class="wp-block-column is-layout-flow wp-block-column-is-layout-flow">
<p><strong>Dans tous les milieux :</strong></p>



<ul class="wp-block-list"><li>Culturel, social et associatif</li><li>Artistique</li><li>Entreprise</li><li>Insertion professionnelle</li><li>Sportif</li><li>Médical, paramédical</li><li>Carcéral</li><li>Et encore bien d’autres&nbsp;</li></ul>
</div>
</div>



<p><strong>En atelier collectif //</strong> Ce travail est proposé en atelier collectif afin de partager dans l’intimité et la plus grande bienveillance un temps où le groupe nourrit l’individuel et vice versa. Pour vous autoriser à aller parfois plus loin et apporter une réponse globale à une demande de mieux-être. Un temps de partage très riche qui anime vos propres réflexions personnelles.&nbsp;</p>



<p><em>N.B. : la pratique de la sophrologie est une méthode complémentaire et ne se substitue à aucun traitement médical ou thérapeutique.&nbsp;</em></p>



<p><br></p>

<p>Le travail proposé ici est le fruit de nombreux croisements. Le croisement de route avec 3 grandes personnes auprès de qui je me suis formée en conscience corporelle et mouvements, avec qui j’ai pu avoir de longs échanges. Il s’agit de Anne Lise Galland, de Jean Masse et de Jacques Garos. Leur travail trouve leur [&hellip;]</p>
