{"id":20,"date":"2021-04-22T10:22:09","date_gmt":"2021-04-22T08:22:09","guid":{"rendered":"http:\/\/dev.benbenben.fr\/celie2023\/?page_id=20"},"modified":"2021-05-21T16:17:44","modified_gmt":"2021-05-21T14:17:44","slug":"eos-concept-monde-de-lentreprise","status":"publish","type":"page","link":"https:\/\/dev.benbenben.fr\/celie2023\/eos-concept-monde-de-lentreprise\/","title":{"rendered":"EOS Concept \u2022 Monde de l\u2019entreprise"},"content":{"rendered":"\n<p><strong>En 2019, j\u2019ai rejoint la soci\u00e9t\u00e9 EOS Concept, sp\u00e9cialis\u00e9e dans la pr\u00e9vention, la sant\u00e9 et la qualit\u00e9 de vie au travail. Tout d\u2019abord intervenante en sophrologie pour plusieurs entreprises, j\u2019assure aujourd\u2019hui la coordination des \u00e9v\u00e8nements EOS Concept sur les r\u00e9gions Bretagne et Pays de la Loire.&nbsp;<\/strong><\/p>\n\n\n\n<p>Nos prestations visent la Pr\u00e9vention des risques (Troubles Musculo Squelettiques \/ Risques Psychosociaux) et l\u2019optimisation de la Qualit\u00e9 de Vie au Travail, \u00e0 travers 4 axes :&nbsp;<\/p>\n\n\n\n<ol class=\"wp-block-list\"><li>Audit &amp; Diagnostic pr\u00e9alable (Ergonomie, Ost\u00e9opathie, RPS)<\/li><li>Ateliers de sensibilisation &amp; performance collective (Nutrition, Sommeil etc.)<\/li><li>Sessions <strong>Sport &amp; Bien-\u00eatre <\/strong>sur le lieu de travail <\/li><li>\u00c9v\u00e9nementiel professionnel (organisation de s\u00e9minaires, journ\u00e9e pr\u00e9vention, journ\u00e9es bien-\u00eatre, comit\u00e9 de direction etc\u2026)&nbsp;<\/li><\/ol>\n\n\n\n<p>Nous proposons un service complet pour l\u2019am\u00e9lioration de la sant\u00e9 et la qualit\u00e9 de vie au travail des collaborateurs et l\u2019optimisation de la performance des \u00e9quipes.&nbsp;<\/p>\n\n\n\n<p><em>Nous contacter pour plus de renseignements : <a href=\"https:\/\/www.eosconcept.fr\/\" target=\"_blank\" rel=\"noreferrer noopener\">www.eosconcept.fr&nbsp;<\/a><\/em><\/p>\n","protected":false},"excerpt":{"rendered":"<p>En 2019, j\u2019ai rejoint la soci\u00e9t\u00e9 EOS Concept, sp\u00e9cialis\u00e9e dans la pr\u00e9vention, la sant\u00e9 et la qualit\u00e9 de vie au travail. Tout d\u2019abord intervenante en sophrologie pour plusieurs entreprises, j\u2019assure aujourd\u2019hui la coordination des \u00e9v\u00e8nements EOS Concept sur les r\u00e9gions Bretagne et Pays de la Loire.&nbsp; Nos prestations visent la Pr\u00e9vention des risques (Troubles Musculo [&hellip;]<\/p>\n","protected":false},"author":1,"featured_media":256,"parent":0,"menu_order":0,"comment_status":"closed","ping_status":"closed","template":"","meta":{"ub_ctt_via":"","footnotes":""},"class_list":["post-20","page","type-page","status-publish","has-post-thumbnail","hentry"],"acf":[],"featured_image_src":"https:\/\/dev.benbenben.fr\/celie2023\/wp-content\/uploads\/2021\/05\/image-entreprise.jpeg","_links":{"self":[{"href":"https:\/\/dev.benbenben.fr\/celie2023\/wp-json\/wp\/v2\/pages\/20","targetHints":{"allow":["GET"]}}],"collection":[{"href":"https:\/\/dev.benbenben.fr\/celie2023\/wp-json\/wp\/v2\/pages"}],"about":[{"href":"https:\/\/dev.benbenben.fr\/celie2023\/wp-json\/wp\/v2\/types\/page"}],"author":[{"embeddable":true,"href":"https:\/\/dev.benbenben.fr\/celie2023\/wp-json\/wp\/v2\/users\/1"}],"replies":[{"embeddable":true,"href":"https:\/\/dev.benbenben.fr\/celie2023\/wp-json\/wp\/v2\/comments?post=20"}],"version-history":[{"count":6,"href":"https:\/\/dev.benbenben.fr\/celie2023\/wp-json\/wp\/v2\/pages\/20\/revisions"}],"predecessor-version":[{"id":141,"href":"https:\/\/dev.benbenben.fr\/celie2023\/wp-json\/wp\/v2\/pages\/20\/revisions\/141"}],"wp:featuredmedia":[{"embeddable":true,"href":"https:\/\/dev.benbenben.fr\/celie2023\/wp-json\/wp\/v2\/media\/256"}],"wp:attachment":[{"href":"https:\/\/dev.benbenben.fr\/celie2023\/wp-json\/wp\/v2\/media?parent=20"}],"curies":[{"name":"wp","href":"https:\/\/api.w.org\/{rel}","templated":true}]}}