{"id":8,"date":"2024-03-13T12:16:48","date_gmt":"2024-03-13T11:16:48","guid":{"rendered":"https:\/\/dev.benbenben.fr\/fgc\/?page_id=8"},"modified":"2026-05-11T15:00:32","modified_gmt":"2026-05-11T13:00:32","slug":"vous-cherchez-un-e-guide","status":"publish","type":"page","link":"https:\/\/dev.benbenben.fr\/fgc\/vous-cherchez-un-e-guide\/","title":{"rendered":"Vous cherchez un.e guide"},"content":{"rendered":"\n<div class=\"wp-block-uagb-container uagb-block-c95239ac alignfull uagb-is-root-container\">\n<div class=\"wp-block-uagb-container uagb-block-e5f42f0e\">\n<div class=\"wp-block-uagb-advanced-heading uagb-block-b5b1dc0b\"><h1 class=\"uagb-heading-text\">Vous cherchez un.e guide<\/h1><\/div>\n<\/div>\n<\/div>\n\n\n\n<div class=\"wp-block-uagb-container uagb-block-98d2750a alignfull uagb-is-root-container\"><div class=\"yoast-breadcrumbs\"><span><span><a href=\"https:\/\/dev.benbenben.fr\/fgc\/\">Accueil<\/a><\/span> \u00bb <span class=\"breadcrumb_last\" aria-current=\"page\">Vous cherchez un.e guide<\/span><\/span><\/div><\/div>\n\n\n\n<div style=\"height:0px\" aria-hidden=\"true\" class=\"wp-block-spacer\"><\/div>\n\n\n\n<div class=\"wp-block-uagb-container uagb-block-9ee1c465 alignfull uagb-is-root-container\">\n<div class=\"wp-block-uagb-advanced-heading uagb-block-66f40168\"><h2 class=\"uagb-heading-text\">R\u00e9gions de comp\u00e9tences<\/h2><\/div>\n\n\n\n<div class=\"wp-block-uagb-image uagb-block-213044ef wp-block-uagb-image--layout-default wp-block-uagb-image--effect-static wp-block-uagb-image--align-none\"><figure class=\"wp-block-uagb-image__figure\"><img decoding=\"async\" srcset=\"https:\/\/dev.benbenben.fr\/fgc\/wp-content\/uploads\/2026\/05\/carte-bretagne.jpg ,https:\/\/dev.benbenben.fr\/fgc\/wp-content\/uploads\/2026\/05\/carte-bretagne.jpg 780w, https:\/\/dev.benbenben.fr\/fgc\/wp-content\/uploads\/2026\/05\/carte-bretagne.jpg 360w\" sizes=\"auto, (max-width: 480px) 150px\" src=\"https:\/\/dev.benbenben.fr\/fgc\/wp-content\/uploads\/2026\/05\/carte-bretagne.jpg\" alt=\"\" class=\"uag-image-357\" width=\"1920\" height=\"1280\" title=\"carte-bretagne\" loading=\"lazy\" role=\"img\"\/><\/figure><\/div>\n<\/div>\n\n\n\n\n\n\n<div class=\"wp-block-uagb-container uagb-block-d5cfe248 alignfull uagb-is-root-container\"><div class=\"uagb-container-inner-blocks-wrap\">\n<div class=\"wp-block-media-text is-stacked-on-mobile\"><figure class=\"wp-block-media-text__media\"><img loading=\"lazy\" decoding=\"async\" width=\"1024\" height=\"1024\" src=\"https:\/\/dev.benbenben.fr\/fgc\/wp-content\/uploads\/2026\/01\/symbole-logo-fgc-1024x1024.png\" alt=\"\" class=\"wp-image-126 size-full\" srcset=\"https:\/\/dev.benbenben.fr\/fgc\/wp-content\/uploads\/2026\/01\/symbole-logo-fgc-1024x1024.png 1024w, https:\/\/dev.benbenben.fr\/fgc\/wp-content\/uploads\/2026\/01\/symbole-logo-fgc-300x300.png 300w, https:\/\/dev.benbenben.fr\/fgc\/wp-content\/uploads\/2026\/01\/symbole-logo-fgc-150x150.png 150w, https:\/\/dev.benbenben.fr\/fgc\/wp-content\/uploads\/2026\/01\/symbole-logo-fgc-768x768.png 768w, https:\/\/dev.benbenben.fr\/fgc\/wp-content\/uploads\/2026\/01\/symbole-logo-fgc.png 1280w\" sizes=\"auto, (max-width: 1024px) 100vw, 1024px\" \/><\/figure><div class=\"wp-block-media-text__content\">\n<p>Tous les guides de la <strong>F\u00e9d\u00e9ration des Guides Conf\u00e9renciers de Bretagne<\/strong> sont titulaires d&rsquo;une carte professionnelle d\u00e9livr\u00e9e par le minist\u00e8re de la culture et du tourisme.<\/p>\n\n\n\n<p>La <strong>F\u00e9d\u00e9ration des Guides Conf\u00e9renciers de Bretagne<\/strong> est une association de guides conf\u00e9renciers, ce n&rsquo;est pas une agence de voyage habilit\u00e9e \u00e0 organiser des s\u00e9jours. Pour cela, nous vous invitons \u00e0 contacter une agence r\u00e9ceptive.&nbsp;<\/p>\n\n\n\n<p>Gr\u00e2ce \u00e0 cet annuaire de guide, l&rsquo;association sert de lien entre particuliers, op\u00e9rateurs touristiques et ses adh\u00e9rents.<\/p>\n\n\n\n<p>Chaque guide propose ses conditions tarifaires.<\/p>\n<\/div><\/div>\n<\/div><\/div>\n","protected":false},"excerpt":{"rendered":"<p>Vous cherchez un.e guide R\u00e9gions de comp\u00e9tences Tous les guides de la F\u00e9d\u00e9ration des Guides Conf\u00e9renciers de Bretagne sont titulaires d&rsquo;une carte professionnelle d\u00e9livr\u00e9e par le minist\u00e8re de la culture et du tourisme. La F\u00e9d\u00e9ration des Guides Conf\u00e9renciers de Bretagne est une association de guides conf\u00e9renciers, ce n&rsquo;est pas une agence de voyage habilit\u00e9e \u00e0 [&hellip;]<\/p>\n","protected":false},"author":1,"featured_media":6,"parent":0,"menu_order":0,"comment_status":"closed","ping_status":"closed","template":"guides.php","meta":{"_acf_changed":false,"_uag_custom_page_level_css":"","footnotes":""},"class_list":["post-8","page","type-page","status-publish","has-post-thumbnail","hentry"],"acf":[],"yoast_head":"<!-- This site is optimized with the Yoast SEO plugin v27.5 - https:\/\/yoast.com\/product\/yoast-seo-wordpress\/ -->\n<title>Vous cherchez un.e guide - F\u00e9d\u00e9ration des Guides Conf\u00e9renciers de Bretagne<\/title>\n<meta name=\"robots\" content=\"noindex, follow, max-snippet:-1, max-image-preview:large, max-video-preview:-1\" \/>\n<meta property=\"og:locale\" content=\"fr_FR\" \/>\n<meta property=\"og:type\" content=\"article\" \/>\n<meta property=\"og:title\" content=\"Vous cherchez un.e guide - F\u00e9d\u00e9ration des Guides Conf\u00e9renciers de Bretagne\" \/>\n<meta property=\"og:description\" content=\"Vous cherchez un.e guide R\u00e9gions de comp\u00e9tences Tous les guides de la F\u00e9d\u00e9ration des Guides Conf\u00e9renciers de Bretagne sont titulaires d&rsquo;une carte professionnelle d\u00e9livr\u00e9e par le minist\u00e8re de la culture et du tourisme. La F\u00e9d\u00e9ration des Guides Conf\u00e9renciers de Bretagne est une association de guides conf\u00e9renciers, ce n&rsquo;est pas une agence de voyage habilit\u00e9e \u00e0 [&hellip;]\" \/>\n<meta property=\"og:url\" content=\"https:\/\/dev.benbenben.fr\/fgc\/vous-cherchez-un-e-guide\/\" \/>\n<meta property=\"og:site_name\" content=\"F\u00e9d\u00e9ration des Guides Conf\u00e9renciers de Bretagne\" \/>\n<meta property=\"article:modified_time\" content=\"2026-05-11T13:00:32+00:00\" \/>\n<meta property=\"og:image\" content=\"https:\/\/dev.benbenben.fr\/fgc\/wp-content\/uploads\/2024\/03\/fgc-c-dr.jpg\" \/>\n\t<meta property=\"og:image:width\" content=\"1920\" \/>\n\t<meta property=\"og:image:height\" content=\"1280\" \/>\n\t<meta property=\"og:image:type\" content=\"image\/jpeg\" \/>\n<meta name=\"twitter:card\" content=\"summary_large_image\" \/>\n<meta name=\"twitter:label1\" content=\"Dur\u00e9e de lecture estim\u00e9e\" \/>\n\t<meta name=\"twitter:data1\" content=\"2 minutes\" \/>\n<script type=\"application\/ld+json\" class=\"yoast-schema-graph\">{\"@context\":\"https:\\\/\\\/schema.org\",\"@graph\":[{\"@type\":\"WebPage\",\"@id\":\"https:\\\/\\\/dev.benbenben.fr\\\/fgc\\\/vous-cherchez-un-e-guide\\\/\",\"url\":\"https:\\\/\\\/dev.benbenben.fr\\\/fgc\\\/vous-cherchez-un-e-guide\\\/\",\"name\":\"Vous cherchez un.e guide - F\u00e9d\u00e9ration des Guides Conf\u00e9renciers de Bretagne\",\"isPartOf\":{\"@id\":\"https:\\\/\\\/dev.benbenben.fr\\\/fgc\\\/#website\"},\"primaryImageOfPage\":{\"@id\":\"https:\\\/\\\/dev.benbenben.fr\\\/fgc\\\/vous-cherchez-un-e-guide\\\/#primaryimage\"},\"image\":{\"@id\":\"https:\\\/\\\/dev.benbenben.fr\\\/fgc\\\/vous-cherchez-un-e-guide\\\/#primaryimage\"},\"thumbnailUrl\":\"https:\\\/\\\/dev.benbenben.fr\\\/fgc\\\/wp-content\\\/uploads\\\/2024\\\/03\\\/fgc-c-dr.jpg\",\"datePublished\":\"2024-03-13T11:16:48+00:00\",\"dateModified\":\"2026-05-11T13:00:32+00:00\",\"breadcrumb\":{\"@id\":\"https:\\\/\\\/dev.benbenben.fr\\\/fgc\\\/vous-cherchez-un-e-guide\\\/#breadcrumb\"},\"inLanguage\":\"fr-FR\",\"potentialAction\":[{\"@type\":\"ReadAction\",\"target\":[\"https:\\\/\\\/dev.benbenben.fr\\\/fgc\\\/vous-cherchez-un-e-guide\\\/\"]}]},{\"@type\":\"ImageObject\",\"inLanguage\":\"fr-FR\",\"@id\":\"https:\\\/\\\/dev.benbenben.fr\\\/fgc\\\/vous-cherchez-un-e-guide\\\/#primaryimage\",\"url\":\"https:\\\/\\\/dev.benbenben.fr\\\/fgc\\\/wp-content\\\/uploads\\\/2024\\\/03\\\/fgc-c-dr.jpg\",\"contentUrl\":\"https:\\\/\\\/dev.benbenben.fr\\\/fgc\\\/wp-content\\\/uploads\\\/2024\\\/03\\\/fgc-c-dr.jpg\",\"width\":1920,\"height\":1280},{\"@type\":\"BreadcrumbList\",\"@id\":\"https:\\\/\\\/dev.benbenben.fr\\\/fgc\\\/vous-cherchez-un-e-guide\\\/#breadcrumb\",\"itemListElement\":[{\"@type\":\"ListItem\",\"position\":1,\"name\":\"Accueil\",\"item\":\"https:\\\/\\\/dev.benbenben.fr\\\/fgc\\\/\"},{\"@type\":\"ListItem\",\"position\":2,\"name\":\"Vous cherchez un.e guide\"}]},{\"@type\":\"WebSite\",\"@id\":\"https:\\\/\\\/dev.benbenben.fr\\\/fgc\\\/#website\",\"url\":\"https:\\\/\\\/dev.benbenben.fr\\\/fgc\\\/\",\"name\":\"F\u00e9d\u00e9ration des Guides Conf\u00e9renciers de Bretagne\",\"description\":\"\",\"potentialAction\":[{\"@type\":\"SearchAction\",\"target\":{\"@type\":\"EntryPoint\",\"urlTemplate\":\"https:\\\/\\\/dev.benbenben.fr\\\/fgc\\\/?s={search_term_string}\"},\"query-input\":{\"@type\":\"PropertyValueSpecification\",\"valueRequired\":true,\"valueName\":\"search_term_string\"}}],\"inLanguage\":\"fr-FR\"}]}<\/script>\n<!-- \/ Yoast SEO plugin. -->","yoast_head_json":{"title":"Vous cherchez un.e guide - F\u00e9d\u00e9ration des Guides Conf\u00e9renciers de Bretagne","robots":{"index":"noindex","follow":"follow","max-snippet":"max-snippet:-1","max-image-preview":"max-image-preview:large","max-video-preview":"max-video-preview:-1"},"og_locale":"fr_FR","og_type":"article","og_title":"Vous cherchez un.e guide - F\u00e9d\u00e9ration des Guides Conf\u00e9renciers de Bretagne","og_description":"Vous cherchez un.e guide R\u00e9gions de comp\u00e9tences Tous les guides de la F\u00e9d\u00e9ration des Guides Conf\u00e9renciers de Bretagne sont titulaires d&rsquo;une carte professionnelle d\u00e9livr\u00e9e par le minist\u00e8re de la culture et du tourisme. La F\u00e9d\u00e9ration des Guides Conf\u00e9renciers de Bretagne est une association de guides conf\u00e9renciers, ce n&rsquo;est pas une agence de voyage habilit\u00e9e \u00e0 [&hellip;]","og_url":"https:\/\/dev.benbenben.fr\/fgc\/vous-cherchez-un-e-guide\/","og_site_name":"F\u00e9d\u00e9ration des Guides Conf\u00e9renciers de Bretagne","article_modified_time":"2026-05-11T13:00:32+00:00","og_image":[{"width":1920,"height":1280,"url":"https:\/\/dev.benbenben.fr\/fgc\/wp-content\/uploads\/2024\/03\/fgc-c-dr.jpg","type":"image\/jpeg"}],"twitter_card":"summary_large_image","twitter_misc":{"Dur\u00e9e de lecture estim\u00e9e":"2 minutes"},"schema":{"@context":"https:\/\/schema.org","@graph":[{"@type":"WebPage","@id":"https:\/\/dev.benbenben.fr\/fgc\/vous-cherchez-un-e-guide\/","url":"https:\/\/dev.benbenben.fr\/fgc\/vous-cherchez-un-e-guide\/","name":"Vous cherchez un.e guide - F\u00e9d\u00e9ration des Guides Conf\u00e9renciers de Bretagne","isPartOf":{"@id":"https:\/\/dev.benbenben.fr\/fgc\/#website"},"primaryImageOfPage":{"@id":"https:\/\/dev.benbenben.fr\/fgc\/vous-cherchez-un-e-guide\/#primaryimage"},"image":{"@id":"https:\/\/dev.benbenben.fr\/fgc\/vous-cherchez-un-e-guide\/#primaryimage"},"thumbnailUrl":"https:\/\/dev.benbenben.fr\/fgc\/wp-content\/uploads\/2024\/03\/fgc-c-dr.jpg","datePublished":"2024-03-13T11:16:48+00:00","dateModified":"2026-05-11T13:00:32+00:00","breadcrumb":{"@id":"https:\/\/dev.benbenben.fr\/fgc\/vous-cherchez-un-e-guide\/#breadcrumb"},"inLanguage":"fr-FR","potentialAction":[{"@type":"ReadAction","target":["https:\/\/dev.benbenben.fr\/fgc\/vous-cherchez-un-e-guide\/"]}]},{"@type":"ImageObject","inLanguage":"fr-FR","@id":"https:\/\/dev.benbenben.fr\/fgc\/vous-cherchez-un-e-guide\/#primaryimage","url":"https:\/\/dev.benbenben.fr\/fgc\/wp-content\/uploads\/2024\/03\/fgc-c-dr.jpg","contentUrl":"https:\/\/dev.benbenben.fr\/fgc\/wp-content\/uploads\/2024\/03\/fgc-c-dr.jpg","width":1920,"height":1280},{"@type":"BreadcrumbList","@id":"https:\/\/dev.benbenben.fr\/fgc\/vous-cherchez-un-e-guide\/#breadcrumb","itemListElement":[{"@type":"ListItem","position":1,"name":"Accueil","item":"https:\/\/dev.benbenben.fr\/fgc\/"},{"@type":"ListItem","position":2,"name":"Vous cherchez un.e guide"}]},{"@type":"WebSite","@id":"https:\/\/dev.benbenben.fr\/fgc\/#website","url":"https:\/\/dev.benbenben.fr\/fgc\/","name":"F\u00e9d\u00e9ration des Guides Conf\u00e9renciers de Bretagne","description":"","potentialAction":[{"@type":"SearchAction","target":{"@type":"EntryPoint","urlTemplate":"https:\/\/dev.benbenben.fr\/fgc\/?s={search_term_string}"},"query-input":{"@type":"PropertyValueSpecification","valueRequired":true,"valueName":"search_term_string"}}],"inLanguage":"fr-FR"}]}},"uagb_featured_image_src":{"full":["https:\/\/dev.benbenben.fr\/fgc\/wp-content\/uploads\/2024\/03\/fgc-c-dr.jpg",1920,1280,false],"thumbnail":["https:\/\/dev.benbenben.fr\/fgc\/wp-content\/uploads\/2024\/03\/fgc-c-dr-150x150.jpg",150,150,true],"medium":["https:\/\/dev.benbenben.fr\/fgc\/wp-content\/uploads\/2024\/03\/fgc-c-dr-300x200.jpg",300,200,true],"medium_large":["https:\/\/dev.benbenben.fr\/fgc\/wp-content\/uploads\/2024\/03\/fgc-c-dr-768x512.jpg",768,512,true],"large":["https:\/\/dev.benbenben.fr\/fgc\/wp-content\/uploads\/2024\/03\/fgc-c-dr-1024x683.jpg",1024,683,true],"1536x1536":["https:\/\/dev.benbenben.fr\/fgc\/wp-content\/uploads\/2024\/03\/fgc-c-dr-1536x1024.jpg",1536,1024,true],"2048x2048":["https:\/\/dev.benbenben.fr\/fgc\/wp-content\/uploads\/2024\/03\/fgc-c-dr.jpg",1920,1280,false]},"uagb_author_info":{"display_name":"admin","author_link":"https:\/\/dev.benbenben.fr\/fgc\/author\/admin\/"},"uagb_comment_info":0,"uagb_excerpt":"Vous cherchez un.e guide R\u00e9gions de comp\u00e9tences Tous les guides de la F\u00e9d\u00e9ration des Guides Conf\u00e9renciers de Bretagne sont titulaires d&rsquo;une carte professionnelle d\u00e9livr\u00e9e par le minist\u00e8re de la culture et du tourisme. La F\u00e9d\u00e9ration des Guides Conf\u00e9renciers de Bretagne est une association de guides conf\u00e9renciers, ce n&rsquo;est pas une agence de voyage habilit\u00e9e \u00e0\u2026","_links":{"self":[{"href":"https:\/\/dev.benbenben.fr\/fgc\/wp-json\/wp\/v2\/pages\/8","targetHints":{"allow":["GET"]}}],"collection":[{"href":"https:\/\/dev.benbenben.fr\/fgc\/wp-json\/wp\/v2\/pages"}],"about":[{"href":"https:\/\/dev.benbenben.fr\/fgc\/wp-json\/wp\/v2\/types\/page"}],"author":[{"embeddable":true,"href":"https:\/\/dev.benbenben.fr\/fgc\/wp-json\/wp\/v2\/users\/1"}],"replies":[{"embeddable":true,"href":"https:\/\/dev.benbenben.fr\/fgc\/wp-json\/wp\/v2\/comments?post=8"}],"version-history":[{"count":48,"href":"https:\/\/dev.benbenben.fr\/fgc\/wp-json\/wp\/v2\/pages\/8\/revisions"}],"predecessor-version":[{"id":358,"href":"https:\/\/dev.benbenben.fr\/fgc\/wp-json\/wp\/v2\/pages\/8\/revisions\/358"}],"wp:featuredmedia":[{"embeddable":true,"href":"https:\/\/dev.benbenben.fr\/fgc\/wp-json\/wp\/v2\/media\/6"}],"wp:attachment":[{"href":"https:\/\/dev.benbenben.fr\/fgc\/wp-json\/wp\/v2\/media?parent=8"}],"curies":[{"name":"wp","href":"https:\/\/api.w.org\/{rel}","templated":true}]}}