{"id":112,"date":"2022-09-26T16:45:28","date_gmt":"2022-09-26T14:45:28","guid":{"rendered":"https:\/\/dev.benbenben.fr\/letondor\/?page_id=112"},"modified":"2022-10-13T09:13:55","modified_gmt":"2022-10-13T07:13:55","slug":"accueil","status":"publish","type":"page","link":"https:\/\/dev.benbenben.fr\/letondor\/accueil\/","title":{"rendered":"Accueil"},"content":{"rendered":"\n<h2 class=\"wp-block-heading\">La d\u00e9coration int\u00e9rieure, \u00e0 quoi cela correspond ?<\/h2>\n\n\n\n<h3 class=\"wp-block-heading\"><strong>Les conseils en d\u00e9coration d\u2019int\u00e9rieur visent \u00e0 transformer votre habitation sans qu\u2019il y ait \u00e0 engager de travaux.<br>Agencement, ameublement, palette de couleurs, luminaires, \u00e9l\u00e9ments d\u00e9coratifs\u2026 Aucun \u00e9l\u00e9ment ne doit \u00eatre laiss\u00e9 au hasard.<\/strong><\/h3>\n\n\n\n<div class=\"wp-block-columns is-layout-flex wp-container-core-columns-is-layout-9d6595d7 wp-block-columns-is-layout-flex\">\n<div class=\"wp-block-column is-layout-flow wp-block-column-is-layout-flow\" style=\"flex-basis:33.33%\">\n<figure class=\"wp-block-image size-full\"><img loading=\"lazy\" decoding=\"async\" width=\"853\" height=\"1280\" src=\"https:\/\/dev.benbenben.fr\/letondor\/wp-content\/uploads\/2022\/10\/mathilde_letondor-portrait.jpg\" alt=\"\" class=\"wp-image-272\" srcset=\"https:\/\/dev.benbenben.fr\/letondor\/wp-content\/uploads\/2022\/10\/mathilde_letondor-portrait.jpg 853w, https:\/\/dev.benbenben.fr\/letondor\/wp-content\/uploads\/2022\/10\/mathilde_letondor-portrait-200x300.jpg 200w, https:\/\/dev.benbenben.fr\/letondor\/wp-content\/uploads\/2022\/10\/mathilde_letondor-portrait-682x1024.jpg 682w, https:\/\/dev.benbenben.fr\/letondor\/wp-content\/uploads\/2022\/10\/mathilde_letondor-portrait-768x1152.jpg 768w\" sizes=\"auto, (max-width: 853px) 100vw, 853px\" \/><\/figure>\n<\/div>\n\n\n\n<div class=\"wp-block-column is-layout-flow wp-block-column-is-layout-flow\" style=\"flex-basis:66.66%\">\n<h2 class=\"wp-block-heading\">Votre projet accompagn\u00e9<\/h2>\n\n\n\n<p><strong>Le fil, ce lien<\/strong><\/p>\n\n\n\n<p>La d\u00e9coration c\u2019est avant tout, pour moi, un lien entre ce que nous sommes et ce que nous voulons retranscrire et ressentir dans notre int\u00e9rieur. Un fil conducteur qui vous reliera, vous et votre int\u00e9rieur.<\/p>\n\n\n\n<p>Je suis l\u00e0 pour vous aider et vous conseiller de mani\u00e8re clair et simplifi\u00e9e pour que votre int\u00e9rieur vous ressemble et qu\u2019il soit \u00e0 l\u2019image de votre bien \u00eatre. C\u2019est pourquoi j\u2019attache beaucoup d\u2019importance \u00e0 la d\u00e9coration de chaque pi\u00e8ce et le fait avec soin.<\/p>\n\n\n\n<p>La d\u00e9coration est au c\u0153ur de mes services mais pas que&nbsp;!<\/p>\n\n\n\n<p>J\u2019attache beaucoup d\u2019importance \u00e0 l\u2019autre, sans jugement ni m\u00e9pris, ma d\u00e9marche est avant tout bas\u00e9e sur un \u00e9change de qualit\u00e9, de simplicit\u00e9 et d\u2019efficacit\u00e9. La transparence et la sinc\u00e9rit\u00e9 sont des atouts qui me caract\u00e9risent et que je mets \u00e0 profit dans tous mes \u00e9changes.<\/p>\n\n\n\n<p>Je suis convaincue que la satisfaction passe aussi par les points cit\u00e9s et que la confiance l\u2019un envers l\u2019autre grandi au fur et \u00e0 mesure de chaque projet.<\/p>\n\n\n\n<p class=\"has-text-align-right signature has-large-font-size\">Mathilde Letondor<\/p>\n<\/div>\n<\/div>\n\n\n\n<h2 class=\"wp-block-heading\">Regard neuf sur votre d\u00e9coration<\/h2>\n\n\n\n<figure class=\"wp-block-gallery has-nested-images columns-default is-cropped wp-block-gallery-1 is-layout-flex wp-block-gallery-is-layout-flex\">\n<figure class=\"wp-block-image size-large\"><a href=\"https:\/\/dev.benbenben.fr\/letondor\/wp-content\/uploads\/2022\/10\/letondor_decoration-c-benjamin_le_bellec-9599.jpg\"><img loading=\"lazy\" decoding=\"async\" width=\"1024\" height=\"683\" data-id=\"347\" src=\"https:\/\/dev.benbenben.fr\/letondor\/wp-content\/uploads\/2022\/10\/letondor_decoration-c-benjamin_le_bellec-9599-1024x683.jpg\" alt=\"\" class=\"wp-image-347\" srcset=\"https:\/\/dev.benbenben.fr\/letondor\/wp-content\/uploads\/2022\/10\/letondor_decoration-c-benjamin_le_bellec-9599-1024x683.jpg 1024w, https:\/\/dev.benbenben.fr\/letondor\/wp-content\/uploads\/2022\/10\/letondor_decoration-c-benjamin_le_bellec-9599-300x200.jpg 300w, https:\/\/dev.benbenben.fr\/letondor\/wp-content\/uploads\/2022\/10\/letondor_decoration-c-benjamin_le_bellec-9599-768x512.jpg 768w, https:\/\/dev.benbenben.fr\/letondor\/wp-content\/uploads\/2022\/10\/letondor_decoration-c-benjamin_le_bellec-9599-1536x1024.jpg 1536w, https:\/\/dev.benbenben.fr\/letondor\/wp-content\/uploads\/2022\/10\/letondor_decoration-c-benjamin_le_bellec-9599.jpg 1920w\" sizes=\"auto, (max-width: 1024px) 100vw, 1024px\" \/><\/a><\/figure>\n\n\n\n<figure class=\"wp-block-image size-large\"><a href=\"https:\/\/dev.benbenben.fr\/letondor\/wp-content\/uploads\/2022\/10\/letondor_decoration-c-benjamin_le_bellec-9524.jpg\"><img loading=\"lazy\" decoding=\"async\" width=\"1024\" height=\"683\" data-id=\"355\" src=\"https:\/\/dev.benbenben.fr\/letondor\/wp-content\/uploads\/2022\/10\/letondor_decoration-c-benjamin_le_bellec-9524-1024x683.jpg\" alt=\"\" class=\"wp-image-355\" srcset=\"https:\/\/dev.benbenben.fr\/letondor\/wp-content\/uploads\/2022\/10\/letondor_decoration-c-benjamin_le_bellec-9524-1024x683.jpg 1024w, https:\/\/dev.benbenben.fr\/letondor\/wp-content\/uploads\/2022\/10\/letondor_decoration-c-benjamin_le_bellec-9524-300x200.jpg 300w, https:\/\/dev.benbenben.fr\/letondor\/wp-content\/uploads\/2022\/10\/letondor_decoration-c-benjamin_le_bellec-9524-768x512.jpg 768w, https:\/\/dev.benbenben.fr\/letondor\/wp-content\/uploads\/2022\/10\/letondor_decoration-c-benjamin_le_bellec-9524-1536x1024.jpg 1536w, https:\/\/dev.benbenben.fr\/letondor\/wp-content\/uploads\/2022\/10\/letondor_decoration-c-benjamin_le_bellec-9524.jpg 1920w\" sizes=\"auto, (max-width: 1024px) 100vw, 1024px\" \/><\/a><\/figure>\n\n\n\n<figure class=\"wp-block-image size-large\"><a href=\"https:\/\/dev.benbenben.fr\/letondor\/wp-content\/uploads\/2022\/10\/letondor_decoration-c-benjamin_le_bellec-9641-1.jpg\"><img loading=\"lazy\" decoding=\"async\" width=\"1024\" height=\"683\" data-id=\"351\" src=\"https:\/\/dev.benbenben.fr\/letondor\/wp-content\/uploads\/2022\/10\/letondor_decoration-c-benjamin_le_bellec-9641-1-1024x683.jpg\" alt=\"\" class=\"wp-image-351\" srcset=\"https:\/\/dev.benbenben.fr\/letondor\/wp-content\/uploads\/2022\/10\/letondor_decoration-c-benjamin_le_bellec-9641-1-1024x683.jpg 1024w, https:\/\/dev.benbenben.fr\/letondor\/wp-content\/uploads\/2022\/10\/letondor_decoration-c-benjamin_le_bellec-9641-1-300x200.jpg 300w, https:\/\/dev.benbenben.fr\/letondor\/wp-content\/uploads\/2022\/10\/letondor_decoration-c-benjamin_le_bellec-9641-1-768x512.jpg 768w, https:\/\/dev.benbenben.fr\/letondor\/wp-content\/uploads\/2022\/10\/letondor_decoration-c-benjamin_le_bellec-9641-1-1536x1024.jpg 1536w, https:\/\/dev.benbenben.fr\/letondor\/wp-content\/uploads\/2022\/10\/letondor_decoration-c-benjamin_le_bellec-9641-1.jpg 1920w\" sizes=\"auto, (max-width: 1024px) 100vw, 1024px\" \/><\/a><\/figure>\n<\/figure>\n\n\n\n<div style=\"height:30px\" aria-hidden=\"true\" class=\"wp-block-spacer\"><\/div>\n\n\n\n<div class=\"wp-block-columns are-vertically-aligned-center is-layout-flex wp-container-core-columns-is-layout-9d6595d7 wp-block-columns-is-layout-flex\">\n<div class=\"wp-block-column is-vertically-aligned-center is-layout-flow wp-block-column-is-layout-flow\" style=\"flex-basis:66.66%\">\n<p class=\"has-text-align-center has-medium-font-size\"><em>Ces photos vous plaisent et vous parlent\u2026<\/em><\/p>\n<\/div>\n\n\n\n<div class=\"wp-block-column is-vertically-aligned-center is-layout-flow wp-block-column-is-layout-flow\" style=\"flex-basis:33.33%\">\n<div class=\"wp-block-buttons is-layout-flex wp-block-buttons-is-layout-flex\">\n<div class=\"wp-block-button bouton\"><a class=\"wp-block-button__link\" href=\"https:\/\/dev.benbenben.fr\/letondor\/contact\/\" target=\"_blank\" rel=\"noreferrer noopener\">Contactez-moi<\/a><\/div>\n<\/div>\n<\/div>\n<\/div>\n\n\n\n<p>Je vous apporte un regard neuf et de la nouveaut\u00e9 dans votre int\u00e9rieur, un regard professionnel et objectif.<\/p>\n\n\n\n<p>Vous aimeriez un papier peint tendance et l\u2019imaginez plut\u00f4t dans vos toilettes que dans votre entr\u00e9e ou votre salon, tout simplement parce que vous n\u2019osez pas&nbsp;? Mon regard vous fera peut-\u00eatre changer d\u2019avis sur vos craintes et vous serez \u00e9tonnez mais surtout heureux d\u2019avoir os\u00e9.&nbsp;<\/p>\n\n\n\n<p>L\u2019agencement et la circulation seront aussi revues avec parfois des solutions auxquelles vous n\u2019auriez pas pens\u00e9 vous seront propos\u00e9es.<\/p>\n\n\n\n<p>Acteurs de votre projet, c\u2019est ensemble que celui-ci se concr\u00e9tisera avec vos envies et ma force de proposition en termes de style et d\u2019univers.<\/p>\n\n\n\n<div class=\"wp-block-buttons is-layout-flex wp-block-buttons-is-layout-flex\">\n<div class=\"wp-block-button aligncenter bouton\"><a class=\"wp-block-button__link\" href=\"https:\/\/dev.benbenben.fr\/letondor\/les-projets\/\">Voir mes r\u00e9alisations<\/a><\/div>\n<\/div>\n","protected":false},"excerpt":{"rendered":"<p>La d\u00e9coration int\u00e9rieure, \u00e0 quoi cela correspond ? Les conseils en d\u00e9coration d\u2019int\u00e9rieur visent \u00e0 transformer votre habitation sans qu\u2019il y ait \u00e0 engager de travaux.Agencement, ameublement, palette de couleurs, luminaires, \u00e9l\u00e9ments d\u00e9coratifs\u2026 Aucun \u00e9l\u00e9ment ne doit \u00eatre laiss\u00e9 au hasard. Votre projet accompagn\u00e9 Le fil, ce lien La d\u00e9coration c\u2019est avant tout, pour moi, [&hellip;]<\/p>\n","protected":false},"author":1,"featured_media":0,"parent":0,"menu_order":0,"comment_status":"closed","ping_status":"closed","template":"","meta":{"footnotes":""},"class_list":["post-112","page","type-page","status-publish","hentry"],"featured_image_src":null,"_links":{"self":[{"href":"https:\/\/dev.benbenben.fr\/letondor\/wp-json\/wp\/v2\/pages\/112","targetHints":{"allow":["GET"]}}],"collection":[{"href":"https:\/\/dev.benbenben.fr\/letondor\/wp-json\/wp\/v2\/pages"}],"about":[{"href":"https:\/\/dev.benbenben.fr\/letondor\/wp-json\/wp\/v2\/types\/page"}],"author":[{"embeddable":true,"href":"https:\/\/dev.benbenben.fr\/letondor\/wp-json\/wp\/v2\/users\/1"}],"replies":[{"embeddable":true,"href":"https:\/\/dev.benbenben.fr\/letondor\/wp-json\/wp\/v2\/comments?post=112"}],"version-history":[{"count":44,"href":"https:\/\/dev.benbenben.fr\/letondor\/wp-json\/wp\/v2\/pages\/112\/revisions"}],"predecessor-version":[{"id":356,"href":"https:\/\/dev.benbenben.fr\/letondor\/wp-json\/wp\/v2\/pages\/112\/revisions\/356"}],"wp:attachment":[{"href":"https:\/\/dev.benbenben.fr\/letondor\/wp-json\/wp\/v2\/media?parent=112"}],"curies":[{"name":"wp","href":"https:\/\/api.w.org\/{rel}","templated":true}]}}