{"id":17,"date":"2022-03-17T11:33:49","date_gmt":"2022-03-17T10:33:49","guid":{"rendered":"https:\/\/dev.benbenben.fr\/letondor\/?page_id=17"},"modified":"2022-10-24T16:37:31","modified_gmt":"2022-10-24T14:37:31","slug":"prestations","status":"publish","type":"page","link":"https:\/\/dev.benbenben.fr\/letondor\/prestations\/","title":{"rendered":"Prestations"},"content":{"rendered":"\n<div class=\"wp-block-media-text alignwide is-stacked-on-mobile is-image-fill has-white-background-color has-background\"><figure class=\"wp-block-media-text__media\" style=\"background-image:url(https:\/\/dev.benbenben.fr\/letondor\/wp-content\/uploads\/2022\/10\/prestations-c-benjamin_le_bellec-9464-1024x683.jpg);background-position:50% 50%\"><img loading=\"lazy\" decoding=\"async\" width=\"1024\" height=\"683\" src=\"https:\/\/dev.benbenben.fr\/letondor\/wp-content\/uploads\/2022\/10\/prestations-c-benjamin_le_bellec-9464-1024x683.jpg\" alt=\"\" class=\"wp-image-339 size-full\" srcset=\"https:\/\/dev.benbenben.fr\/letondor\/wp-content\/uploads\/2022\/10\/prestations-c-benjamin_le_bellec-9464-1024x683.jpg 1024w, https:\/\/dev.benbenben.fr\/letondor\/wp-content\/uploads\/2022\/10\/prestations-c-benjamin_le_bellec-9464-300x200.jpg 300w, https:\/\/dev.benbenben.fr\/letondor\/wp-content\/uploads\/2022\/10\/prestations-c-benjamin_le_bellec-9464-768x512.jpg 768w, https:\/\/dev.benbenben.fr\/letondor\/wp-content\/uploads\/2022\/10\/prestations-c-benjamin_le_bellec-9464-1536x1024.jpg 1536w, https:\/\/dev.benbenben.fr\/letondor\/wp-content\/uploads\/2022\/10\/prestations-c-benjamin_le_bellec-9464.jpg 1920w\" sizes=\"auto, (max-width: 1024px) 100vw, 1024px\" \/><\/figure><div class=\"wp-block-media-text__content\">\n<h2 class=\"wp-block-heading\">Prestations \/ Devis \/ Tarifs<\/h2>\n\n\n\n<p>Quelque soit votre projet, et apr\u00e8s un \u00e9change t\u00e9l\u00e9phonique ou mail, j&rsquo;interviens chez vous* pour d\u00e9couvrir votre environnement, la ou les pi\u00e8ces concern\u00e9es. (*D\u00e9placement factur\u00e9 au del\u00e0 de 20km)&nbsp;<\/p>\n\n\n\n<p>Ce rendez-vous est l&rsquo;occasion pour moi de vous pr\u00e9senter mes diff\u00e9rents champs d&rsquo;actions et pour vous, de vous permettre de choisir la prestation la mieux adapt\u00e9e \u00e0 votre projet.&nbsp;<\/p>\n\n\n\n<p>Apr\u00e8s discussion et recueil des \u00e9l\u00e9ments, je vous envoie un devis d\u00e9taill\u00e9 sous 48h. En effet, votre projet demande une attention particuli\u00e8re, mon accompagnement s\u2019adapte. Chaque prestation est le fruit d\u2019un devis r\u00e9alis\u00e9 sur mesure pour r\u00e9pondre \u00e0 vos besoins sp\u00e9cifiques. \u00c0 l\u2019acceptation de ce dernier, je commence \u00e0 travailler sur votre projet.<\/p>\n<\/div><\/div>\n\n\n\n<div style=\"height:50px\" aria-hidden=\"true\" class=\"wp-block-spacer\"><\/div>\n\n\n\n<div class=\"wp-block-columns alignwide is-layout-flex wp-container-core-columns-is-layout-9d6595d7 wp-block-columns-is-layout-flex\">\n<div class=\"wp-block-column has-white-background-color has-text-color has-background has-link-color wp-elements-4fdf9019bd0bcac8b93353ea4b83cb18 is-layout-flow wp-block-column-is-layout-flow\" style=\"color:#000000;padding-top:2em;padding-right:2em;padding-bottom:2em;padding-left:2em\">\n<h2 class=\"wp-block-heading\" id=\"family\">L&rsquo;avant-projet<\/h2>\n\n\n\n<p>Un rendez-vous de 1h30 \u00e0 2h&nbsp;o\u00f9 je vous pr\u00e9senterai : (en fonction de l\u2019ampleur du projet)<\/p>\n\n\n\n<ul class=\"wp-block-list\"><li>une \u00e0 plusieurs planches d\u2019ambiances \/ Moodboards<\/li><li>une \u00e0 plusieurs planches mobiliers et\/ou mat\u00e9riaux<\/li><li>une \u00e0 plusieurs planches m\u00e9mo avec vos photos avant projet<\/li><li>une disponibilit\u00e9 par mail ou t\u00e9l\u00e9phone durant toute la dur\u00e9e de votre projet pour vous accompagner<\/li><\/ul>\n\n\n\n<p><em>Ainsi vous aurez les \u00e9l\u00e9ments pour continuer seul.<\/em><\/p>\n\n\n\n<p class=\"has-small-font-size\">Acompte de 30% \u00e0 la signature du devis<\/p>\n<\/div>\n\n\n\n<div class=\"wp-block-column has-white-background-color has-text-color has-background has-link-color wp-elements-e15a145abfca43764ae14566eb0a8f34 is-layout-flow wp-block-column-is-layout-flow\" style=\"color:#000000;padding-top:2em;padding-right:2em;padding-bottom:2em;padding-left:2em\">\n<h2 class=\"wp-block-heading\" id=\"patron\"><strong>Options<\/strong><\/h2>\n\n\n\n<ul class=\"has-normal-font-size wp-block-list\"><li>Visuels 3D et photos r\u00e9alistes<\/li><li>Shopping list avec d\u00e9tails des marques, r\u00e9f\u00e9rences produits, prix et dimensions<\/li><li>Accompagnement en boutique<\/li><li>Mise en place \u00e0 domicile<\/li><\/ul>\n<\/div>\n\n\n\n<div class=\"wp-block-column has-white-background-color has-text-color has-background has-link-color wp-elements-9ec6bd4990025fb1f43edfb8d27a6822 is-layout-flow wp-block-column-is-layout-flow\" style=\"color:#000000;padding-top:2em;padding-right:2em;padding-bottom:2em;padding-left:2em\">\n<h2 class=\"wp-block-heading\" id=\"single\">La visite conseil<\/h2>\n\n\n\n<p>Un rendez-vous de 1h30 \u00e0 2h&nbsp;o\u00f9 je vous d\u00e9livrerai des conseils et astuces de d\u00e9coration.&nbsp;<\/p>\n\n\n\n<p>Je vous pr\u00e9senterai :<\/p>\n\n\n\n<ul class=\"wp-block-list\"><li>des images, mati\u00e8res, mat\u00e9riaux, nuanciers &#8230;&nbsp; qui vous permettront de mieux visualiser les id\u00e9es que je vous propose.<\/li><li>le compte rendu d\u00e9taill\u00e9 des points abord\u00e9s ensemble.<\/li><\/ul>\n\n\n\n<p><em>&nbsp;Ainsi vous aurez les \u00e9l\u00e9ments pour continuer seul.<\/em><\/p>\n\n\n\n<p class=\"has-small-font-size\">Paiement 100% \u00e0 la fin du rdv<\/p>\n<\/div>\n<\/div>\n","protected":false},"excerpt":{"rendered":"<p>Prestations \/ Devis \/ Tarifs Quelque soit votre projet, et apr\u00e8s un \u00e9change t\u00e9l\u00e9phonique ou mail, j&rsquo;interviens chez vous* pour d\u00e9couvrir votre environnement, la ou les pi\u00e8ces concern\u00e9es. (*D\u00e9placement factur\u00e9 au del\u00e0 de 20km)&nbsp; Ce rendez-vous est l&rsquo;occasion pour moi de vous pr\u00e9senter mes diff\u00e9rents champs d&rsquo;actions et pour vous, de vous permettre de choisir [&hellip;]<\/p>\n","protected":false},"author":1,"featured_media":51,"parent":0,"menu_order":0,"comment_status":"closed","ping_status":"closed","template":"","meta":{"footnotes":""},"class_list":["post-17","page","type-page","status-publish","has-post-thumbnail","hentry"],"featured_image_src":"https:\/\/dev.benbenben.fr\/letondor\/wp-content\/uploads\/2022\/09\/letondor_decoration-c-benjamin_le_bellec-9500.jpg","_links":{"self":[{"href":"https:\/\/dev.benbenben.fr\/letondor\/wp-json\/wp\/v2\/pages\/17","targetHints":{"allow":["GET"]}}],"collection":[{"href":"https:\/\/dev.benbenben.fr\/letondor\/wp-json\/wp\/v2\/pages"}],"about":[{"href":"https:\/\/dev.benbenben.fr\/letondor\/wp-json\/wp\/v2\/types\/page"}],"author":[{"embeddable":true,"href":"https:\/\/dev.benbenben.fr\/letondor\/wp-json\/wp\/v2\/users\/1"}],"replies":[{"embeddable":true,"href":"https:\/\/dev.benbenben.fr\/letondor\/wp-json\/wp\/v2\/comments?post=17"}],"version-history":[{"count":29,"href":"https:\/\/dev.benbenben.fr\/letondor\/wp-json\/wp\/v2\/pages\/17\/revisions"}],"predecessor-version":[{"id":473,"href":"https:\/\/dev.benbenben.fr\/letondor\/wp-json\/wp\/v2\/pages\/17\/revisions\/473"}],"wp:featuredmedia":[{"embeddable":true,"href":"https:\/\/dev.benbenben.fr\/letondor\/wp-json\/wp\/v2\/media\/51"}],"wp:attachment":[{"href":"https:\/\/dev.benbenben.fr\/letondor\/wp-json\/wp\/v2\/media?parent=17"}],"curies":[{"name":"wp","href":"https:\/\/api.w.org\/{rel}","templated":true}]}}