{"id":59,"date":"2022-09-26T10:26:09","date_gmt":"2022-09-26T08:26:09","guid":{"rendered":"https:\/\/dev.benbenben.fr\/letondor\/?page_id=59"},"modified":"2022-10-14T11:22:50","modified_gmt":"2022-10-14T09:22:50","slug":"avis","status":"publish","type":"page","link":"https:\/\/dev.benbenben.fr\/letondor\/avis\/","title":{"rendered":"Avis"},"content":{"rendered":"\n<h1 class=\"has-text-align-center wp-block-heading\">Avis<\/h1>\n\n\n\n<p class=\"has-text-align-center has-luminous-vivid-amber-color has-text-color\">\u272d\u272d\u272d\u272d\u272d<\/p>\n\n\n\n<p class=\"has-text-align-center has-medium-font-size\">\u00ab Mathilde a r\u00e9ussi \u00e0 s&rsquo;approprier notre s\u00e9jour sans visite, sur simples photos. Avec  des nouveaux \u00e9l\u00e9ments de d\u00e9co et quelques d\u00e9placements d&rsquo;objets ou plantes, l&rsquo;atmosph\u00e8re de la pi\u00e8ce a chang\u00e9. Les \u00e9tag\u00e8res cubes et le nouveau cadre offre une touche plus moderne. Je la remercie vivement et lui souhaite pleins de projets d\u00e9coration. \u00bb<\/p>\n\n\n\n<p class=\"has-text-align-center\">Laeticia.F<\/p>\n\n\n\n<div style=\"height:50px\" aria-hidden=\"true\" class=\"wp-block-spacer\"><\/div>\n\n\n\n<p class=\"has-text-align-center has-luminous-vivid-amber-color has-text-color\">\u272d\u272d\u272d\u272d\u272d<\/p>\n\n\n\n<p class=\"has-text-align-center has-medium-font-size\">\u00ab Mathilde a pris le temps de nous \u00e9couter, de cerner nos habitudes, de comprendre nos attentes. Elle nous a accompagn\u00e9s tr\u00e8s r\u00e9guli\u00e8rement par des visites, des \u00e9changes de mails, de textos, pour peaufiner notre projet tous ensemble, pour nous faire \u00e9voluer, pour nous aider \u00e0 pr\u00e9ciser nos souhaits, le tout en respectant un budget tr\u00e8s correct ! Mathilde ne cherche pas \u00e0 nous faire renouveler l&rsquo;ensemble de notre d\u00e9co, compose avec l&rsquo;existant, dans le respect et en toute simplicit\u00e9. Elle nous aide \u00e0 prioriser, \u00e0 hi\u00e9rarchiser, \u00e0 faire des choix, ins\u00e8re nos objets de famille, respecte nos go\u00fbts, nos envies, apporte ses connaissances pour au final nous proposer quelque chose qui nous correspond totalement, nous sommes pleinement conquis. Nous conseillerons Mathilde les yeux ferm\u00e9s \u00e0 nos proches ! \u00bb<\/p>\n\n\n\n<p class=\"has-text-align-center\">Martine B.<\/p>\n\n\n\n<div style=\"height:50px\" aria-hidden=\"true\" class=\"wp-block-spacer\"><\/div>\n\n\n\n<p class=\"has-text-align-center has-luminous-vivid-amber-color has-text-color\">\u272d\u272d\u272d\u272d\u272d<\/p>\n\n\n\n<p class=\"has-text-align-center has-medium-font-size\">\u00ab Mathilde a \u00e9t\u00e9 tr\u00e8s \u00e0 l&rsquo;\u00e9coute de notre demande. Elle a su s&rsquo;adapter et nous donner de tr\u00e8s bons conseils quant \u00e0 la nouvelle disposition de nos meubles de salon. On la recommande vivement ! \u00bb<\/p>\n\n\n\n<p class=\"has-text-align-center\">Sylvie &amp; Jean-Luc<\/p>\n\n\n\n<div style=\"height:50px\" aria-hidden=\"true\" class=\"wp-block-spacer\"><\/div>\n\n\n\n<p class=\"has-text-align-center has-luminous-vivid-amber-color has-text-color\">\u272d\u272d\u272d\u272d\u272d<\/p>\n\n\n\n<p class=\"has-text-align-center has-medium-font-size\">\u00ab Un grand merci \u00e0 Mathilde pour son professionnalisme, sa disponibilit\u00e9 ainsi que ses conseils. Gr\u00e2ce \u00e0 son \u00e9coute et ses id\u00e9es nous avons r\u00e9alis\u00e9 la d\u00e9coration qui nous ressemble pour notre chambre. Merci pour cet accompagnement dans ce projet. \u00bb<\/p>\n\n\n\n<p class=\"has-text-align-center\">Caroline.A<\/p>\n\n\n\n<div style=\"height:50px\" aria-hidden=\"true\" class=\"wp-block-spacer\"><\/div>\n\n\n\n<p class=\"has-text-align-center has-luminous-vivid-amber-color has-text-color\">\u272d\u272d\u272d\u272d\u272d<\/p>\n\n\n\n<p class=\"has-text-align-center has-medium-font-size\">\u00ab Un grand merci \u00e0 Mathilde qui a su rapidement proposer des id\u00e9es adapt\u00e9es \u00e0 nos besoins tout en nous projetant dans un univers cocooning \ud83d\ude09&nbsp;&nbsp;\u00bb<\/p>\n\n\n\n<p class=\"has-text-align-center\">Anne-Laure D.<\/p>\n","protected":false},"excerpt":{"rendered":"<p>Avis \u272d\u272d\u272d\u272d\u272d \u00ab Mathilde a r\u00e9ussi \u00e0 s&rsquo;approprier notre s\u00e9jour sans visite, sur simples photos. Avec des nouveaux \u00e9l\u00e9ments de d\u00e9co et quelques d\u00e9placements d&rsquo;objets ou plantes, l&rsquo;atmosph\u00e8re de la pi\u00e8ce a chang\u00e9. Les \u00e9tag\u00e8res cubes et le nouveau cadre offre une touche plus moderne. Je la remercie vivement et lui souhaite pleins de projets [&hellip;]<\/p>\n","protected":false},"author":1,"featured_media":0,"parent":0,"menu_order":0,"comment_status":"closed","ping_status":"closed","template":"","meta":{"footnotes":""},"class_list":["post-59","page","type-page","status-publish","hentry"],"featured_image_src":null,"_links":{"self":[{"href":"https:\/\/dev.benbenben.fr\/letondor\/wp-json\/wp\/v2\/pages\/59","targetHints":{"allow":["GET"]}}],"collection":[{"href":"https:\/\/dev.benbenben.fr\/letondor\/wp-json\/wp\/v2\/pages"}],"about":[{"href":"https:\/\/dev.benbenben.fr\/letondor\/wp-json\/wp\/v2\/types\/page"}],"author":[{"embeddable":true,"href":"https:\/\/dev.benbenben.fr\/letondor\/wp-json\/wp\/v2\/users\/1"}],"replies":[{"embeddable":true,"href":"https:\/\/dev.benbenben.fr\/letondor\/wp-json\/wp\/v2\/comments?post=59"}],"version-history":[{"count":22,"href":"https:\/\/dev.benbenben.fr\/letondor\/wp-json\/wp\/v2\/pages\/59\/revisions"}],"predecessor-version":[{"id":410,"href":"https:\/\/dev.benbenben.fr\/letondor\/wp-json\/wp\/v2\/pages\/59\/revisions\/410"}],"wp:attachment":[{"href":"https:\/\/dev.benbenben.fr\/letondor\/wp-json\/wp\/v2\/media?parent=59"}],"curies":[{"name":"wp","href":"https:\/\/api.w.org\/{rel}","templated":true}]}}