{"id":29,"date":"2018-03-30T14:14:03","date_gmt":"2018-03-30T12:14:03","guid":{"rendered":"http:\/\/dev.benbenben.fr\/ppdt\/?page_id=29"},"modified":"2023-01-06T10:39:37","modified_gmt":"2023-01-06T09:39:37","slug":"tarifs-et-formules","status":"publish","type":"page","link":"https:\/\/dev.benbenben.fr\/ppdt\/tarifs-et-formules\/","title":{"rendered":"Tarifs et formules"},"content":{"rendered":"\n<div class=\"wp-block-media-text alignwide is-stacked-on-mobile is-image-fill\"><figure class=\"wp-block-media-text__media\" style=\"background-image:url(http:\/\/www.petitspointsdetout.fr\/wp-content\/uploads\/2022\/02\/A\u00a9leshistoiresda-MariageSophieXavier-543-1200x800.jpg);background-position:50% 50%\"><img decoding=\"async\" src=\"http:\/\/www.petitspointsdetout.fr\/wp-content\/uploads\/2022\/02\/A\u00a9leshistoiresda-MariageSophieXavier-543-1200x800.jpg\" alt=\"\" class=\"wp-image-1339 size-full\"\/><\/figure><div class=\"wp-block-media-text__content\">\n<h1 class=\"has-text-align-center wp-block-heading\">Organisation compl\u00e8te<\/h1>\n\n\n\n<hr class=\"wp-block-separator has-alpha-channel-opacity is-style-dots\"\/>\n\n\n\n<p><strong><em>Vous avez une vie tr\u00e9pidante, l\u2019organisation vous angoisse, vous souhaitez pr\u00e9server votre temps et profiter de vos proches ?<\/em><\/strong><\/p>\n\n\n\n<p>Alexandra s\u2019occupe de tout ! Vous trouver des prestataires essentiels et de confiance, ma\u00eetriser votre budget pr\u00e9visionnel, c\u2019est notre mission.<\/p>\n\n\n\n<ul class=\"wp-block-list\">\n<li>Recherche de prestataires<\/li>\n\n\n\n<li>Elaboration du budget en fonction de votre projet<\/li>\n\n\n\n<li>Suivi des paiements<\/li>\n\n\n\n<li>Visites de lieux<\/li>\n\n\n\n<li>Pr\u00e9sence en rendez-vous<\/li>\n\n\n\n<li>Visites techniques<\/li>\n\n\n\n<li>Elaboration du planning<\/li>\n\n\n\n<li>Mise en ligne d&rsquo;un site internet <\/li>\n\n\n\n<li>Rdv illimit\u00e9s<\/li>\n\n\n\n<li>Wedding design<\/li>\n\n\n\n<li>Mise en place de votre d\u00e9coration la veille<\/li>\n\n\n\n<li>Coordination le Jour J des prestataires et des surprises de vos proches<\/li>\n\n\n\n<li>Pr\u00e9sence de votre wedding planner le jour J jusqu&rsquo;\u00e0 l&rsquo;ouverture de bal<\/li>\n\n\n\n<li>Rangement le lendemain <em>(en option selon les projets) <\/em><\/li>\n<\/ul>\n\n\n\n<p><strong>Tarif : \u00c0 partir de 3 400\u20ac<\/strong> <\/p>\n\n\n\n<p class=\"has-small-font-size\"><em>Les achats de mat\u00e9riel, fleurs, recherches d\u2019h\u00e9bergements ne sont pas compris dans le tarif. Le premier rendez-vous est gratuit et sans engagements.<\/em><\/p>\n<\/div><\/div>\n\n\n\n<div style=\"height:50px\" aria-hidden=\"true\" class=\"wp-block-spacer\"><\/div>\n\n\n\n<hr class=\"wp-block-separator has-css-opacity is-style-dots\"\/>\n\n\n\n<div style=\"height:50px\" aria-hidden=\"true\" class=\"wp-block-spacer\"><\/div>\n\n\n\n<div class=\"wp-block-media-text alignwide has-media-on-the-right is-stacked-on-mobile is-image-fill\"><div class=\"wp-block-media-text__content\">\n<h1 class=\"has-text-align-center wp-block-heading\">Coordination Jour J<\/h1>\n\n\n\n<hr class=\"wp-block-separator has-alpha-channel-opacity is-style-dots\"\/>\n\n\n\n<p><em><strong>Vous avez consacr\u00e9 votre ann\u00e9e \u00e0 l\u2019organisation de votre mariage et vous \u00eates aux anges. Maintenant il faut s\u2019assurer du bon d\u00e9roul\u00e9 mais surtout profiter de votre journ\u00e9e et de vos proches<\/strong>.<\/em><\/p>\n\n\n\n<p>Petits points de tout :<\/p>\n\n\n\n<ul class=\"wp-block-list\">\n<li>Echanges illimit\u00e9s<\/li>\n\n\n\n<li>Visite technique<\/li>\n\n\n\n<li>Suivi des paiements<\/li>\n\n\n\n<li>Aide au plan de table<\/li>\n\n\n\n<li>Installe votre d\u00e9coration<\/li>\n\n\n\n<li>R\u00e9alise le planning de votre journ\u00e9e <\/li>\n\n\n\n<li>G\u00e8re les livraisons, les installations, la logistique<\/li>\n\n\n\n<li>Coordonne les prestataires<\/li>\n\n\n\n<li>Int\u00e8gre les surprises de vos invit\u00e9s<\/li>\n\n\n\n<li>G\u00e8re les aspects techniques<\/li>\n\n\n\n<li>Pr\u00e9sence de votre wedding planner jusqu&rsquo;au d\u00e9but du bal<\/li>\n\n\n\n<li>Rangement le lendemain en option selon vos projets<\/li>\n<\/ul>\n\n\n\n<p><strong>Tarif : \u00c0 partir de 1 400\u20ac<\/strong> <\/p>\n\n\n\n<p class=\"has-small-font-size\"><em>Le premier rendez-vous est gratuit et sans engagements.<\/em><\/p>\n<\/div><figure class=\"wp-block-media-text__media\" style=\"background-image:url(http:\/\/www.petitspointsdetout.fr\/wp-content\/uploads\/2022\/02\/A\u00a9leshistoiresda-MariageSophieXavier-477-1200x800.jpg);background-position:50% 50%\"><img decoding=\"async\" src=\"http:\/\/www.petitspointsdetout.fr\/wp-content\/uploads\/2022\/02\/A\u00a9leshistoiresda-MariageSophieXavier-477-1200x800.jpg\" alt=\"\" class=\"wp-image-1335 size-full\"\/><\/figure><\/div>\n\n\n\n<div style=\"height:50px\" aria-hidden=\"true\" class=\"wp-block-spacer\"><\/div>\n\n\n\n<hr class=\"wp-block-separator has-css-opacity is-style-dots\"\/>\n\n\n\n<div style=\"height:50px\" aria-hidden=\"true\" class=\"wp-block-spacer\"><\/div>\n\n\n\n<div class=\"wp-block-media-text alignwide is-stacked-on-mobile is-image-fill\"><figure class=\"wp-block-media-text__media\" style=\"background-image:url(http:\/\/www.petitspointsdetout.fr\/wp-content\/uploads\/2022\/10\/SolveigandRonan_CindyIdir_338-533x800.jpeg);background-position:54% 69%\"><img decoding=\"async\" src=\"http:\/\/www.petitspointsdetout.fr\/wp-content\/uploads\/2022\/10\/SolveigandRonan_CindyIdir_338-533x800.jpeg\" alt=\"\" class=\"wp-image-1505 size-full\"\/><\/figure><div class=\"wp-block-media-text__content\">\n<h1 class=\"has-text-align-center wp-block-heading\">Officiante de c\u00e9r\u00e9monie la\u00efque<br>(mariage et bapt\u00eame)<\/h1>\n\n\n\n<hr class=\"wp-block-separator has-alpha-channel-opacity is-style-dots\"\/>\n\n\n\n<p>Petits points de tout :<\/p>\n\n\n\n<ul class=\"wp-block-list\">\n<li>Echanges illimit\u00e9s<\/li>\n\n\n\n<li>Outils de pr\u00e9paration<\/li>\n\n\n\n<li>Au moins 4 rendez-vous<\/li>\n\n\n\n<li>Ecriture de la c\u00e9r\u00e9monie<\/li>\n\n\n\n<li>Aide \u00e0 l\u2019\u00e9criture des t\u00e9moins et mari\u00e9s<\/li>\n\n\n\n<li>Aide aux choix musicaux<\/li>\n\n\n\n<li>Recherche de textes<\/li>\n\n\n\n<li>Cr\u00e9ation d\u2019un rituel<\/li>\n\n\n\n<li>C\u00e9l\u00e9bration<\/li>\n\n\n\n<li>Certificat d\u2019engagement<\/li>\n\n\n\n<li>Mise \u00e0 disposition d\u2019une arche<\/li>\n\n\n\n<li>Remise du livret final de votre c\u00e9r\u00e9monie<\/li>\n\n\n\n<li>Coordination des professionnels li\u00e9s \u00e0 ce moment.<\/li>\n<\/ul>\n\n\n\n<p><strong>C\u00e9r\u00e9monie de mariage pr\u00e9paration &amp; c\u00e9l\u00e9bration : \u00e0 partir de 1 700<\/strong>\u20ac<\/p>\n\n\n\n<p><strong>Rendez-vous coaching d\u2019un proche officiant 3h : 380\u20ac<\/strong><\/p>\n\n\n\n<p>Rdv conseil de 3h &#8211; lecture de la c\u00e9r\u00e9monie &#8211; apport de conseil en structuration &#8211; mise en espace des mari\u00e9s et des gestes symboliques.<\/p>\n\n\n\n<p><\/p>\n\n\n\n<p class=\"has-small-font-size\"><em>Installation &amp; rangement, d\u00e9coration, pap\u00e8terie, signal\u00e9tique, d\u00e9placements, fleurs en suppl\u00e9ment.<\/em><\/p>\n<\/div><\/div>\n\n\n\n<div style=\"height:50px\" aria-hidden=\"true\" class=\"wp-block-spacer\"><\/div>\n\n\n\n<hr class=\"wp-block-separator has-css-opacity is-style-dots\"\/>\n\n\n\n<div style=\"height:50px\" aria-hidden=\"true\" class=\"wp-block-spacer\"><\/div>\n\n\n\n<div class=\"wp-block-media-text alignwide has-media-on-the-right is-stacked-on-mobile is-image-fill\" style=\"grid-template-columns:auto 47%\"><div class=\"wp-block-media-text__content\">\n<h1 class=\"has-text-align-center wp-block-heading\">Sc\u00e9nographie &amp; D\u00e9coration<\/h1>\n\n\n\n<hr class=\"wp-block-separator has-alpha-channel-opacity is-style-dots\"\/>\n\n\n\n<p><em><strong>Vous en avez plein l\u2019esprit, vous manquez de coh\u00e9rence, vous \u00eates en panne d\u2019inspiration, vous manquez de temps pour bricoler ou vous n\u2019aimez pas bricoler ?<\/strong><\/em><\/p>\n\n\n\n<p>Petits points de tout cr\u00e9era votre univers en coh\u00e9rence avec vos inspirations et votre lieu (ne vous inqui\u00e9tez pas, nous nourrirons votre inspiration !).<\/p>\n\n\n\n<p>Deux entretiens conseils pour d\u00e9finir vos envies, codes couleurs, fleurs\u2026<\/p>\n\n\n\n<ul class=\"wp-block-list\">\n<li>Chaque \u00e9l\u00e9ment d\u00e9coratif aura sa place<\/li>\n\n\n\n<li>votre papeterie sera \u00e0 votre image<\/li>\n\n\n\n<li>votre photobooth unique et fabriqu\u00e9 maison<\/li>\n\n\n\n<li>des centres de table uniques\u2026<\/li>\n<\/ul>\n\n\n\n<p>Tout un univers le plus \u00e9co-responsable que possible en collaboration avec les professionnels du mariage qui vous correspondent.<br>Installation et d\u00e9montage par nos soins.<br>(les achats de mat\u00e9riel, fleurs ne sont pas compris dans le tarif)<\/p>\n\n\n\n<p>Tout d\u00e9pend de vos envies ! On en parle ?<\/p>\n\n\n\n<p><strong>Installation de votre d\u00e9coration :<\/strong><\/p>\n\n\n\n<p>Vous souhaitez profiter des invit\u00e9s d\u00e9j\u00e0 arriv\u00e9s, vous ne d\u00e9sirez pas jongler entre la manucure, le coiffeur, les derniers d\u00e9tails, les clefs\u2026<br>Petits points de tout :<\/p>\n\n\n\n<ul class=\"wp-block-list\">\n<li>aide \u00e0 installer votre mobilier<\/li>\n\n\n\n<li>installe votre d\u00e9coration pr\u00e9-pr\u00e9par\u00e9e par vos soins<\/li>\n\n\n\n<li>prend soin d\u2019aller chercher vos fleurs<\/li>\n<\/ul>\n\n\n\n<p><strong>Tarif : En fonction de votre projet &#8211; sur mesure.<\/strong><\/p>\n\n\n\n<p class=\"has-small-font-size\">Les achats de mat\u00e9riel, fleurs, recherches d\u2019h\u00e9bergements ne sont pas compris dans le tarif.<\/p>\n<\/div><figure class=\"wp-block-media-text__media\" style=\"background-image:url(http:\/\/www.petitspointsdetout.fr\/wp-content\/uploads\/2022\/02\/A\u00a9leshistoiresda-MariageSophieXavier-4-533x800.jpg);background-position:50% 50%\"><img decoding=\"async\" src=\"http:\/\/www.petitspointsdetout.fr\/wp-content\/uploads\/2022\/02\/A\u00a9leshistoiresda-MariageSophieXavier-4-533x800.jpg\" alt=\"\" class=\"wp-image-1323 size-full\"\/><\/figure><\/div>\n\n\n\n<div class=\"wp-block-columns is-layout-flex wp-container-core-columns-is-layout-9d6595d7 wp-block-columns-is-layout-flex\">\n<div class=\"wp-block-column is-layout-flow wp-block-column-is-layout-flow\"><\/div>\n\n\n\n<div class=\"wp-block-column is-layout-flow wp-block-column-is-layout-flow\"><\/div>\n<\/div>\n","protected":false},"excerpt":{"rendered":"","protected":false},"author":1,"featured_media":0,"parent":0,"menu_order":0,"comment_status":"closed","ping_status":"closed","template":"","meta":{"footnotes":""},"class_list":["post-29","page","type-page","status-publish","hentry"],"_links":{"self":[{"href":"https:\/\/dev.benbenben.fr\/ppdt\/wp-json\/wp\/v2\/pages\/29","targetHints":{"allow":["GET"]}}],"collection":[{"href":"https:\/\/dev.benbenben.fr\/ppdt\/wp-json\/wp\/v2\/pages"}],"about":[{"href":"https:\/\/dev.benbenben.fr\/ppdt\/wp-json\/wp\/v2\/types\/page"}],"author":[{"embeddable":true,"href":"https:\/\/dev.benbenben.fr\/ppdt\/wp-json\/wp\/v2\/users\/1"}],"replies":[{"embeddable":true,"href":"https:\/\/dev.benbenben.fr\/ppdt\/wp-json\/wp\/v2\/comments?post=29"}],"version-history":[{"count":6,"href":"https:\/\/dev.benbenben.fr\/ppdt\/wp-json\/wp\/v2\/pages\/29\/revisions"}],"predecessor-version":[{"id":1613,"href":"https:\/\/dev.benbenben.fr\/ppdt\/wp-json\/wp\/v2\/pages\/29\/revisions\/1613"}],"wp:attachment":[{"href":"https:\/\/dev.benbenben.fr\/ppdt\/wp-json\/wp\/v2\/media?parent=29"}],"curies":[{"name":"wp","href":"https:\/\/api.w.org\/{rel}","templated":true}]}}